37.120.213.220 - - [29/Jul/2026:22:11:41 +0530] "GET /wp-admin/uadm.php HTTP/1.1" 404 796 "-" "Mozilla/5.0 (Macintosh; Intel Mac OS X 10_15_7) AppleWebKit/605.1.15 (KHTML, like Gecko) Version/18.4 Safari/605.1.15"
37.120.213.220 - - [29/Jul/2026:22:11:42 +0530] "GET /wp-admin/simple-backdoor.php HTTP/1.1" 404 796 "-" "Mozilla/5.0 (Macintosh; Intel Mac OS X 10_15_7) AppleWebKit/605.1.15 (KHTML, like Gecko) Version/18.4 Safari/605.1.15"
37.120.213.220 - - [29/Jul/2026:22:11:43 +0530] "GET /wp-admin/402.php HTTP/1.1" 404 796 "-" "Mozilla/5.0 (Macintosh; Intel Mac OS X 10_15_7) AppleWebKit/605.1.15 (KHTML, like Gecko) Version/18.4 Safari/605.1.15"
37.120.213.220 - - [29/Jul/2026:22:11:44 +0530] "GET /wp-admin/tunnel.php HTTP/1.1" 404 796 "-" "Mozilla/5.0 (Macintosh; Intel Mac OS X 10_15_7) AppleWebKit/605.1.15 (KHTML, like Gecko) Version/18.4 Safari/605.1.15"
37.120.213.220 - - [29/Jul/2026:22:11:49 +0530] "GET /wp-admin/wp-login.php.malware HTTP/1.1" 404 796 "-" "Mozilla/5.0 (Macintosh; Intel Mac OS X 10_15_7) AppleWebKit/605.1.15 (KHTML, like Gecko) Version/18.4 Safari/605.1.15"
37.120.213.220 - - [29/Jul/2026:22:11:53 +0530] "GET /wp-admin/defaults.php.malware HTTP/1.1" 404 796 "-" "Mozilla/5.0 (Macintosh; Intel Mac OS X 10_15_7) AppleWebKit/605.1.15 (KHTML, like Gecko) Version/18.4 Safari/605.1.15"
37.120.213.220 - - [29/Jul/2026:22:11:54 +0530] "GET /wp-admin/wp-config.php.malware HTTP/1.1" 404 796 "-" "Mozilla/5.0 (Macintosh; Intel Mac OS X 10_15_7) AppleWebKit/605.1.15 (KHTML, like Gecko) Version/18.4 Safari/605.1.15"
37.120.213.220 - - [29/Jul/2026:22:11:58 +0530] "GET /wp-admin/cache.php.suspected HTTP/1.1" 404 796 "-" "Mozilla/5.0 (Macintosh; Intel Mac OS X 10_15_7) AppleWebKit/605.1.15 (KHTML, like Gecko) Version/18.4 Safari/605.1.15"
37.120.213.220 - - [29/Jul/2026:22:11:59 +0530] "GET /wp-admin/LIQ0eSCz17nV7RBEv.php7 HTTP/1.1" 404 796 "-" "Mozilla/5.0 (Macintosh; Intel Mac OS X 10_15_7) AppleWebKit/605.1.15 (KHTML, like Gecko) Version/18.4 Safari/605.1.15"
37.120.213.220 - - [29/Jul/2026:22:12:01 +0530] "GET /wp-admin/alfa-rex.php7 HTTP/1.1" 404 796 "-" "Mozilla/5.0 (Macintosh; Intel Mac OS X 10_15_7) AppleWebKit/605.1.15 (KHTML, like Gecko) Version/18.4 Safari/605.1.15"
37.120.213.220 - - [29/Jul/2026:22:12:01 +0530] "GET /wp-admin/sell.php7 HTTP/1.1" 404 796 "-" "Mozilla/5.0 (Macintosh; Intel Mac OS X 10_15_7) AppleWebKit/605.1.15 (KHTML, like Gecko) Version/18.4 Safari/605.1.15"
37.120.213.220 - - [29/Jul/2026:22:12:04 +0530] "GET /wp-admin/QhaeyeQdXj39NVnrAB.php8 HTTP/1.1" 404 796 "-" "Mozilla/5.0 (Macintosh; Intel Mac OS X 10_15_7) AppleWebKit/605.1.15 (KHTML, like Gecko) Version/18.4 Safari/605.1.15"
37.120.213.220 - - [29/Jul/2026:22:12:12 +0530] "GET /wp-admin/xhornoeu.update.php HTTP/1.1" 404 796 "-" "Mozilla/5.0 (Macintosh; Intel Mac OS X 10_15_7) AppleWebKit/605.1.15 (KHTML, like Gecko) Version/18.4 Safari/605.1.15"
37.120.213.220 - - [29/Jul/2026:22:12:12 +0530] "GET /wp-admin/LEFo9Zv5qnGCVYON5.well-known HTTP/1.1" 404 796 "-" "Mozilla/5.0 (Macintosh; Intel Mac OS X 10_15_7) AppleWebKit/605.1.15 (KHTML, like Gecko) Version/18.4 Safari/605.1.15"
37.120.213.220 - - [29/Jul/2026:22:12:13 +0530] "GET /wp-admin/.well-known HTTP/1.1" 404 796 "-" "Mozilla/5.0 (Macintosh; Intel Mac OS X 10_15_7) AppleWebKit/605.1.15 (KHTML, like Gecko) Version/18.4 Safari/605.1.15"
37.120.213.220 - - [29/Jul/2026:22:12:15 +0530] "GET /wp-admin/A9Rf1wz3HGnJbn2ucU.xhtml HTTP/1.1" 404 796 "-" "Mozilla/5.0 (Macintosh; Intel Mac OS X 10_15_7) AppleWebKit/605.1.15 (KHTML, like Gecko) Version/18.4 Safari/605.1.15"
107.175.18.103 - - [29/Jul/2026:22:20:51 +0530] "GET / HTTP/1.1" 200 1436 "-" "Mozilla/5.0 (compatible; BulkTitleChecker/1.0)"
107.175.18.103 - - [29/Jul/2026:22:30:49 +0530] "GET / HTTP/1.1" 200 1436 "-" "Mozilla/5.0 (compatible; BulkTitleChecker/1.0)"
107.175.18.103 - - [29/Jul/2026:23:10:48 +0530] "GET / HTTP/1.1" 200 1436 "-" "Mozilla/5.0 (compatible; BulkTitleChecker/1.0)"
107.175.18.103 - - [29/Jul/2026:23:50:52 +0530] "GET / HTTP/1.1" 200 1436 "-" "Mozilla/5.0 (compatible; BulkTitleChecker/1.0)"
37.120.213.220 - - [29/Jul/2026:22:11:46 +0530] "GET /wp-admin/nuan.php HTTP/1.1" 404 796 "-" "Mozilla/5.0 (Macintosh; Intel Mac OS X 10_15_7) AppleWebKit/605.1.15 (KHTML, like Gecko) Version/18.4 Safari/605.1.15"
37.120.213.220 - - [29/Jul/2026:22:11:47 +0530] "GET /wp-admin/KTsRpC4S9K0wDz3Zo.php.malware HTTP/1.1" 404 796 "-" "Mozilla/5.0 (Macintosh; Intel Mac OS X 10_15_7) AppleWebKit/605.1.15 (KHTML, like Gecko) Version/18.4 Safari/605.1.15"
37.120.213.220 - - [29/Jul/2026:22:11:51 +0530] "GET /wp-admin/product.php.malware HTTP/1.1" 404 796 "-" "Mozilla/5.0 (Macintosh; Intel Mac OS X 10_15_7) AppleWebKit/605.1.15 (KHTML, like Gecko) Version/18.4 Safari/605.1.15"
37.120.213.220 - - [29/Jul/2026:22:11:52 +0530] "GET /wp-admin/cache.php.malware HTTP/1.1" 404 796 "-" "Mozilla/5.0 (Macintosh; Intel Mac OS X 10_15_7) AppleWebKit/605.1.15 (KHTML, like Gecko) Version/18.4 Safari/605.1.15"
37.120.213.220 - - [29/Jul/2026:22:11:55 +0530] "GET /wp-admin/wso.php.malware HTTP/1.1" 404 796 "-" "Mozilla/5.0 (Macintosh; Intel Mac OS X 10_15_7) AppleWebKit/605.1.15 (KHTML, like Gecko) Version/18.4 Safari/605.1.15"
37.120.213.220 - - [29/Jul/2026:22:12:00 +0530] "GET /wp-admin/M6gGozU7oBTU0PbZcb.php7 HTTP/1.1" 404 796 "-" "Mozilla/5.0 (Macintosh; Intel Mac OS X 10_15_7) AppleWebKit/605.1.15 (KHTML, like Gecko) Version/18.4 Safari/605.1.15"
37.120.213.220 - - [29/Jul/2026:22:12:03 +0530] "GET /wp-admin/shell_wso.php7 HTTP/1.1" 404 796 "-" "Mozilla/5.0 (Macintosh; Intel Mac OS X 10_15_7) AppleWebKit/605.1.15 (KHTML, like Gecko) Version/18.4 Safari/605.1.15"
37.120.213.220 - - [29/Jul/2026:22:12:06 +0530] "GET /wp-admin/fKuIFUnRcxyjLKcOiNs.test.php HTTP/1.1" 404 796 "-" "Mozilla/5.0 (Macintosh; Intel Mac OS X 10_15_7) AppleWebKit/605.1.15 (KHTML, like Gecko) Version/18.4 Safari/605.1.15"
37.120.213.220 - - [29/Jul/2026:22:12:08 +0530] "GET /wp-admin/vXTsCBsHYbR7cTL2L.tomcat.5.jsp HTTP/1.1" 404 796 "-" "Mozilla/5.0 (Macintosh; Intel Mac OS X 10_15_7) AppleWebKit/605.1.15 (KHTML, like Gecko) Version/18.4 Safari/605.1.15"
37.120.213.220 - - [29/Jul/2026:22:12:08 +0530] "GET /wp-admin/JDrQgNQQDqGUvCndhz.tomcat.5.jsp HTTP/1.1" 404 796 "-" "Mozilla/5.0 (Macintosh; Intel Mac OS X 10_15_7) AppleWebKit/605.1.15 (KHTML, like Gecko) Version/18.4 Safari/605.1.15"
37.120.213.220 - - [29/Jul/2026:22:12:10 +0530] "GET /wp-admin/1337.txt HTTP/1.1" 404 796 "-" "Mozilla/5.0 (Macintosh; Intel Mac OS X 10_15_7) AppleWebKit/605.1.15 (KHTML, like Gecko) Version/18.4 Safari/605.1.15"
37.120.213.220 - - [29/Jul/2026:22:12:14 +0530] "GET /wp-admin/Zxf3DxNqwhbOz2sUO9.wjpl95qv_mlr.php HTTP/1.1" 404 796 "-" "Mozilla/5.0 (Macintosh; Intel Mac OS X 10_15_7) AppleWebKit/605.1.15 (KHTML, like Gecko) Version/18.4 Safari/605.1.15"
163.5.138.80 - - [29/Jul/2026:22:30:39 +0530] "GET /ec1bzpmhbwtei5qmdlCdefault.php HTTP/1.1" 200 6990 "-" "Mozilla/5.0 zgrab/0.x"
37.120.213.220 - - [29/Jul/2026:22:12:06 +0530] "GET /wp-admin/.test.php HTTP/1.1" 404 796 "-" "Mozilla/5.0 (Macintosh; Intel Mac OS X 10_15_7) AppleWebKit/605.1.15 (KHTML, like Gecko) Version/18.4 Safari/605.1.15"
37.120.213.220 - - [29/Jul/2026:22:12:06 +0530] "GET /wp-admin/xTfVqFHVKfmq3Ihcq.tmb HTTP/1.1" 404 796 "-" "Mozilla/5.0 (Macintosh; Intel Mac OS X 10_15_7) AppleWebKit/605.1.15 (KHTML, like Gecko) Version/18.4 Safari/605.1.15"
37.120.213.220 - - [29/Jul/2026:22:12:11 +0530] "GET /wp-admin/wW5nEHzozODI3lZpt8J.update.php HTTP/1.1" 404 796 "-" "Mozilla/5.0 (Macintosh; Intel Mac OS X 10_15_7) AppleWebKit/605.1.15 (KHTML, like Gecko) Version/18.4 Safari/605.1.15"
37.120.213.220 - - [29/Jul/2026:22:12:14 +0530] "GET /wp-admin/BlY3ZHEHPnE65ZAc9Ku.wjpl95qv_mlr.php HTTP/1.1" 404 796 "-" "Mozilla/5.0 (Macintosh; Intel Mac OS X 10_15_7) AppleWebKit/605.1.15 (KHTML, like Gecko) Version/18.4 Safari/605.1.15"
37.120.213.220 - - [29/Jul/2026:22:12:15 +0530] "GET /wp-admin/JRkiuuAVfM95V9yLLJE.xhtml HTTP/1.1" 404 796 "-" "Mozilla/5.0 (Macintosh; Intel Mac OS X 10_15_7) AppleWebKit/605.1.15 (KHTML, like Gecko) Version/18.4 Safari/605.1.15"
107.175.18.103 - - [29/Jul/2026:23:20:51 +0530] "GET / HTTP/1.1" 200 1436 "-" "Mozilla/5.0 (compatible; BulkTitleChecker/1.0)"
37.120.213.220 - - [29/Jul/2026:22:12:04 +0530] "GET /wp-admin/hfZKkTCisjXQo_2SlSd.php8 HTTP/1.1" 404 796 "-" "Mozilla/5.0 (Macintosh; Intel Mac OS X 10_15_7) AppleWebKit/605.1.15 (KHTML, like Gecko) Version/18.4 Safari/605.1.15"
37.120.213.220 - - [29/Jul/2026:22:12:05 +0530] "GET /wp-admin/h9WMTWrjRpS4Z12L8.test.php HTTP/1.1" 404 796 "-" "Mozilla/5.0 (Macintosh; Intel Mac OS X 10_15_7) AppleWebKit/605.1.15 (KHTML, like Gecko) Version/18.4 Safari/605.1.15"
37.120.213.220 - - [29/Jul/2026:22:12:11 +0530] "GET /wp-admin/AhAzXE8vYVVJanttzH.update.php HTTP/1.1" 404 796 "-" "Mozilla/5.0 (Macintosh; Intel Mac OS X 10_15_7) AppleWebKit/605.1.15 (KHTML, like Gecko) Version/18.4 Safari/605.1.15"
107.175.18.103 - - [29/Jul/2026:22:40:48 +0530] "GET / HTTP/1.1" 200 1436 "-" "Mozilla/5.0 (compatible; BulkTitleChecker/1.0)"
107.175.18.103 - - [29/Jul/2026:22:50:53 +0530] "GET / HTTP/1.1" 200 1436 "-" "Mozilla/5.0 (compatible; BulkTitleChecker/1.0)"
107.175.18.103 - - [29/Jul/2026:23:00:54 +0530] "GET / HTTP/1.1" 200 1436 "-" "Mozilla/5.0 (compatible; BulkTitleChecker/1.0)"
37.120.213.220 - - [29/Jul/2026:22:11:35 +0530] "GET /wp-admin/header.php HTTP/1.1" 404 796 "-" "Mozilla/5.0 (Macintosh; Intel Mac OS X 10_15_7) AppleWebKit/605.1.15 (KHTML, like Gecko) Version/18.4 Safari/605.1.15"
37.120.213.220 - - [29/Jul/2026:22:11:35 +0530] "GET /wp-admin/inbox.php HTTP/1.1" 404 796 "-" "Mozilla/5.0 (Macintosh; Intel Mac OS X 10_15_7) AppleWebKit/605.1.15 (KHTML, like Gecko) Version/18.4 Safari/605.1.15"
37.120.213.220 - - [29/Jul/2026:22:11:39 +0530] "GET /wp-admin/beence.php HTTP/1.1" 404 796 "-" "Mozilla/5.0 (Macintosh; Intel Mac OS X 10_15_7) AppleWebKit/605.1.15 (KHTML, like Gecko) Version/18.4 Safari/605.1.15"
37.120.213.220 - - [29/Jul/2026:22:11:39 +0530] "GET /wp-admin/2index.php HTTP/1.1" 404 796 "-" "Mozilla/5.0 (Macintosh; Intel Mac OS X 10_15_7) AppleWebKit/605.1.15 (KHTML, like Gecko) Version/18.4 Safari/605.1.15"
37.120.213.220 - - [29/Jul/2026:22:11:49 +0530] "GET /wp-admin/index.php.malware HTTP/1.1" 404 796 "-" "Mozilla/5.0 (Macintosh; Intel Mac OS X 10_15_7) AppleWebKit/605.1.15 (KHTML, like Gecko) Version/18.4 Safari/605.1.15"
37.120.213.220 - - [29/Jul/2026:22:11:56 +0530] "GET /wp-admin/LR7DVmtWRrpY0LnTFU.php.suspected HTTP/1.1" 404 796 "-" "Mozilla/5.0 (Macintosh; Intel Mac OS X 10_15_7) AppleWebKit/605.1.15 (KHTML, like Gecko) Version/18.4 Safari/605.1.15"
37.120.213.220 - - [29/Jul/2026:22:11:57 +0530] "GET /wp-admin/iKwsADRDHZ5ECOuGPL_.php.suspected HTTP/1.1" 404 796 "-" "Mozilla/5.0 (Macintosh; Intel Mac OS X 10_15_7) AppleWebKit/605.1.15 (KHTML, like Gecko) Version/18.4 Safari/605.1.15"
37.120.213.220 - - [29/Jul/2026:22:12:04 +0530] "GET /wp-admin/alfa-rex.php8 HTTP/1.1" 404 796 "-" "Mozilla/5.0 (Macintosh; Intel Mac OS X 10_15_7) AppleWebKit/605.1.15 (KHTML, like Gecko) Version/18.4 Safari/605.1.15"
37.120.213.220 - - [29/Jul/2026:22:12:08 +0530] "GET /wp-admin/0YytbChzYjTekwoMT0g.tomcat.5.jsp HTTP/1.1" 404 796 "-" "Mozilla/5.0 (Macintosh; Intel Mac OS X 10_15_7) AppleWebKit/605.1.15 (KHTML, like Gecko) Version/18.4 Safari/605.1.15"
37.120.213.220 - - [29/Jul/2026:22:12:09 +0530] "GET /wp-admin/tunnel.tomcat.5.jsp HTTP/1.1" 404 796 "-" "Mozilla/5.0 (Macintosh; Intel Mac OS X 10_15_7) AppleWebKit/605.1.15 (KHTML, like Gecko) Version/18.4 Safari/605.1.15"
37.120.213.220 - - [29/Jul/2026:22:12:09 +0530] "GET /wp-admin/accuz8Sd2qwq9cFSk.txt HTTP/1.1" 404 796 "-" "Mozilla/5.0 (Macintosh; Intel Mac OS X 10_15_7) AppleWebKit/605.1.15 (KHTML, like Gecko) Version/18.4 Safari/605.1.15"
37.120.213.220 - - [29/Jul/2026:22:12:10 +0530] "GET /wp-admin/XXICgEw9tT_41GFuAlY.txt HTTP/1.1" 404 796 "-" "Mozilla/5.0 (Macintosh; Intel Mac OS X 10_15_7) AppleWebKit/605.1.15 (KHTML, like Gecko) Version/18.4 Safari/605.1.15"
37.120.213.220 - - [29/Jul/2026:22:12:12 +0530] "GET /wp-admin/DqaWZW_J0cYDswGwXJ.well-known HTTP/1.1" 404 796 "-" "Mozilla/5.0 (Macintosh; Intel Mac OS X 10_15_7) AppleWebKit/605.1.15 (KHTML, like Gecko) Version/18.4 Safari/605.1.15"
37.120.213.220 - - [29/Jul/2026:22:12:15 +0530] "GET /wp-admin/hK3zdHPFrlTm1Smrq.xhtml HTTP/1.1" 404 796 "-" "Mozilla/5.0 (Macintosh; Intel Mac OS X 10_15_7) AppleWebKit/605.1.15 (KHTML, like Gecko) Version/18.4 Safari/605.1.15"
37.120.213.220 - - [29/Jul/2026:22:12:16 +0530] "GET /wp-admin/jsfshell.xhtml HTTP/1.1" 404 796 "-" "Mozilla/5.0 (Macintosh; Intel Mac OS X 10_15_7) AppleWebKit/605.1.15 (KHTML, like Gecko) Version/18.4 Safari/605.1.15"
107.175.18.103 - - [30/Jul/2026:00:01:05 +0530] "GET / HTTP/1.1" 200 1436 "-" "Mozilla/5.0 (compatible; BulkTitleChecker/1.0)"
107.175.18.103 - - [30/Jul/2026:00:10:49 +0530] "GET / HTTP/1.1" 200 1436 "-" "Mozilla/5.0 (compatible; BulkTitleChecker/1.0)"
107.175.18.103 - - [30/Jul/2026:00:20:51 +0530] "GET / HTTP/1.1" 200 1436 "-" "Mozilla/5.0 (compatible; BulkTitleChecker/1.0)" PK 2�\���� # investaspring.com.subimicrotech.comnu ��٘�
34.26.50.127 - - [29/Jul/2026:18:11:48 +0530] "GET / HTTP/1.1" 200 1949 "-" "Mozilla/5.0 (compatible; CMS-Checker/1.0; +https://example.com)"
107.175.18.103 - - [29/Jul/2026:18:21:08 +0530] "GET / HTTP/1.1" 200 1619 "-" "Mozilla/5.0 (compatible; BulkTitleChecker/1.0)"
107.175.18.103 - - [29/Jul/2026:18:50:58 +0530] "GET / HTTP/1.1" 200 1619 "-" "Mozilla/5.0 (compatible; BulkTitleChecker/1.0)"
107.175.18.103 - - [29/Jul/2026:19:00:56 +0530] "GET / HTTP/1.1" 200 1619 "-" "Mozilla/5.0 (compatible; BulkTitleChecker/1.0)"
107.175.18.103 - - [29/Jul/2026:18:30:54 +0530] "GET / HTTP/1.1" 200 1619 "-" "Mozilla/5.0 (compatible; BulkTitleChecker/1.0)"
107.175.18.103 - - [29/Jul/2026:18:41:14 +0530] "GET / HTTP/1.1" 200 1619 "-" "Mozilla/5.0 (compatible; BulkTitleChecker/1.0)"
107.175.18.103 - - [29/Jul/2026:20:00:57 +0530] "GET / HTTP/1.1" 200 1619 "-" "Mozilla/5.0 (compatible; BulkTitleChecker/1.0)"
107.175.18.103 - - [29/Jul/2026:19:50:54 +0530] "GET / HTTP/1.1" 200 1619 "-" "Mozilla/5.0 (compatible; BulkTitleChecker/1.0)"
107.175.18.103 - - [29/Jul/2026:19:40:50 +0530] "GET / HTTP/1.1" 200 1619 "-" "Mozilla/5.0 (compatible; BulkTitleChecker/1.0)"
107.175.18.103 - - [29/Jul/2026:19:10:52 +0530] "GET / HTTP/1.1" 200 1619 "-" "Mozilla/5.0 (compatible; BulkTitleChecker/1.0)"
107.175.18.103 - - [29/Jul/2026:19:20:47 +0530] "GET / HTTP/1.1" 200 1619 "-" "Mozilla/5.0 (compatible; BulkTitleChecker/1.0)"
107.175.18.103 - - [29/Jul/2026:19:30:52 +0530] "GET / HTTP/1.1" 200 1619 "-" "Mozilla/5.0 (compatible; BulkTitleChecker/1.0)"
107.175.18.103 - - [29/Jul/2026:20:11:05 +0530] "GET / HTTP/1.1" 200 1619 "-" "Mozilla/5.0 (compatible; BulkTitleChecker/1.0)"
107.175.18.103 - - [29/Jul/2026:20:41:01 +0530] "GET / HTTP/1.1" 200 1619 "-" "Mozilla/5.0 (compatible; BulkTitleChecker/1.0)"
107.175.18.103 - - [29/Jul/2026:20:20:51 +0530] "GET / HTTP/1.1" 200 1619 "-" "Mozilla/5.0 (compatible; BulkTitleChecker/1.0)"
107.175.18.103 - - [29/Jul/2026:20:30:55 +0530] "GET / HTTP/1.1" 200 1619 "-" "Mozilla/5.0 (compatible; BulkTitleChecker/1.0)"
107.175.18.103 - - [29/Jul/2026:20:50:55 +0530] "GET / HTTP/1.1" 200 1619 "-" "Mozilla/5.0 (compatible; BulkTitleChecker/1.0)"
107.175.18.103 - - [29/Jul/2026:22:00:57 +0530] "GET / HTTP/1.1" 200 1615 "-" "Mozilla/5.0 (compatible; BulkTitleChecker/1.0)"
107.175.18.103 - - [29/Jul/2026:23:50:53 +0530] "GET / HTTP/1.1" 200 1615 "-" "Mozilla/5.0 (compatible; BulkTitleChecker/1.0)"
107.175.18.103 - - [29/Jul/2026:21:11:03 +0530] "GET / HTTP/1.1" 200 1619 "-" "Mozilla/5.0 (compatible; BulkTitleChecker/1.0)"
107.175.18.103 - - [29/Jul/2026:21:20:56 +0530] "GET / HTTP/1.1" 200 1619 "-" "Mozilla/5.0 (compatible; BulkTitleChecker/1.0)"
107.175.18.103 - - [29/Jul/2026:23:30:56 +0530] "GET / HTTP/1.1" 200 1615 "-" "Mozilla/5.0 (compatible; BulkTitleChecker/1.0)"
107.175.18.103 - - [29/Jul/2026:21:30:51 +0530] "GET / HTTP/1.1" 200 1615 "-" "Mozilla/5.0 (compatible; BulkTitleChecker/1.0)"
107.175.18.103 - - [29/Jul/2026:21:51:01 +0530] "GET / HTTP/1.1" 200 1615 "-" "Mozilla/5.0 (compatible; BulkTitleChecker/1.0)"
107.175.18.103 - - [29/Jul/2026:21:01:04 +0530] "GET / HTTP/1.1" 200 1619 "-" "Mozilla/5.0 (compatible; BulkTitleChecker/1.0)"
107.175.18.103 - - [29/Jul/2026:21:40:54 +0530] "GET / HTTP/1.1" 200 1615 "-" "Mozilla/5.0 (compatible; BulkTitleChecker/1.0)"
107.175.18.103 - - [29/Jul/2026:22:10:56 +0530] "GET / HTTP/1.1" 200 1615 "-" "Mozilla/5.0 (compatible; BulkTitleChecker/1.0)"
107.175.18.103 - - [29/Jul/2026:22:20:52 +0530] "GET / HTTP/1.1" 200 1615 "-" "Mozilla/5.0 (compatible; BulkTitleChecker/1.0)"
107.175.18.103 - - [29/Jul/2026:22:30:50 +0530] "GET / HTTP/1.1" 200 1615 "-" "Mozilla/5.0 (compatible; BulkTitleChecker/1.0)"
107.175.18.103 - - [29/Jul/2026:22:40:48 +0530] "GET / HTTP/1.1" 200 1615 "-" "Mozilla/5.0 (compatible; BulkTitleChecker/1.0)"
107.175.18.103 - - [29/Jul/2026:22:50:54 +0530] "GET / HTTP/1.1" 200 1615 "-" "Mozilla/5.0 (compatible; BulkTitleChecker/1.0)"
107.175.18.103 - - [29/Jul/2026:23:40:54 +0530] "GET / HTTP/1.1" 200 1615 "-" "Mozilla/5.0 (compatible; BulkTitleChecker/1.0)"
107.175.18.103 - - [29/Jul/2026:23:00:54 +0530] "GET / HTTP/1.1" 200 1615 "-" "Mozilla/5.0 (compatible; BulkTitleChecker/1.0)"
107.175.18.103 - - [29/Jul/2026:23:20:52 +0530] "GET / HTTP/1.1" 200 1615 "-" "Mozilla/5.0 (compatible; BulkTitleChecker/1.0)"
107.175.18.103 - - [29/Jul/2026:23:10:49 +0530] "GET / HTTP/1.1" 200 1615 "-" "Mozilla/5.0 (compatible; BulkTitleChecker/1.0)"
38.133.142.103 - - [29/Jul/2026:21:21:30 +0530] "HEAD / HTTP/1.1" 200 0 "-" "Mozilla/5.0 (Windows NT 10.0; Win64; x64; rv:149.0) Gecko/20100101 Firefox/149.0"
107.175.18.103 - - [30/Jul/2026:00:01:05 +0530] "GET / HTTP/1.1" 200 1615 "-" "Mozilla/5.0 (compatible; BulkTitleChecker/1.0)"
107.175.18.103 - - [30/Jul/2026:00:10:50 +0530] "GET / HTTP/1.1" 200 1615 "-" "Mozilla/5.0 (compatible; BulkTitleChecker/1.0)"
107.175.18.103 - - [30/Jul/2026:00:20:52 +0530] "GET / HTTP/1.1" 200 1615 "-" "Mozilla/5.0 (compatible; BulkTitleChecker/1.0)"
34.38.196.150 - - [30/Jul/2026:00:02:41 +0530] "GET / HTTP/1.1" 200 1948 "-" "Mozilla/5.0 (compatible; CMS-Checker/1.0; +https://example.com)" PK 2�\��;� � % protidewellness.com.subimicrotech.comnu ��٘�
107.175.18.103 - - [29/Jul/2026:18:41:14 +0530] "GET / HTTP/1.1" 200 2762 "-" "Mozilla/5.0 (compatible; BulkTitleChecker/1.0)"
107.175.18.103 - - [29/Jul/2026:18:30:55 +0530] "GET / HTTP/1.1" 200 2762 "-" "Mozilla/5.0 (compatible; BulkTitleChecker/1.0)"
107.175.18.103 - - [29/Jul/2026:19:00:56 +0530] "GET / HTTP/1.1" 200 2762 "-" "Mozilla/5.0 (compatible; BulkTitleChecker/1.0)"
107.175.18.103 - - [29/Jul/2026:18:21:09 +0530] "GET / HTTP/1.1" 200 2799 "-" "Mozilla/5.0 (compatible; BulkTitleChecker/1.0)"
107.175.18.103 - - [29/Jul/2026:18:50:59 +0530] "GET / HTTP/1.1" 200 2799 "-" "Mozilla/5.0 (compatible; BulkTitleChecker/1.0)"
107.175.18.103 - - [29/Jul/2026:19:30:52 +0530] "GET / HTTP/1.1" 200 2799 "-" "Mozilla/5.0 (compatible; BulkTitleChecker/1.0)"
107.175.18.103 - - [29/Jul/2026:19:50:55 +0530] "GET / HTTP/1.1" 200 2762 "-" "Mozilla/5.0 (compatible; BulkTitleChecker/1.0)"
107.175.18.103 - - [29/Jul/2026:20:00:58 +0530] "GET / HTTP/1.1" 200 2762 "-" "Mozilla/5.0 (compatible; BulkTitleChecker/1.0)"
107.175.18.103 - - [29/Jul/2026:19:10:52 +0530] "GET / HTTP/1.1" 200 2762 "-" "Mozilla/5.0 (compatible; BulkTitleChecker/1.0)"
66.132.172.190 - - [29/Jul/2026:20:06:44 +0530] "GET / HTTP/1.1" 200 3245 "-" "Mozilla/5.0 (compatible; CensysInspect/1.1; +https://about.censys.io/)"
66.132.172.190 - - [29/Jul/2026:20:06:48 +0530] "GET /wp-admin/ HTTP/1.1" 200 895 "-" "Mozilla/5.0 (compatible; CensysInspect/1.1; +https://about.censys.io/)"
107.175.18.103 - - [29/Jul/2026:20:11:05 +0530] "GET / HTTP/1.1" 200 2762 "-" "Mozilla/5.0 (compatible; BulkTitleChecker/1.0)"
107.175.18.103 - - [29/Jul/2026:19:20:47 +0530] "GET / HTTP/1.1" 200 2762 "-" "Mozilla/5.0 (compatible; BulkTitleChecker/1.0)"
107.175.18.103 - - [29/Jul/2026:19:40:50 +0530] "GET / HTTP/1.1" 200 2762 "-" "Mozilla/5.0 (compatible; BulkTitleChecker/1.0)"
107.175.18.103 - - [29/Jul/2026:20:30:56 +0530] "GET / HTTP/1.1" 200 2762 "-" "Mozilla/5.0 (compatible; BulkTitleChecker/1.0)"
107.175.18.103 - - [29/Jul/2026:20:50:56 +0530] "GET / HTTP/1.1" 200 2799 "-" "Mozilla/5.0 (compatible; BulkTitleChecker/1.0)"
107.175.18.103 - - [29/Jul/2026:20:41:01 +0530] "GET / HTTP/1.1" 200 2762 "-" "Mozilla/5.0 (compatible; BulkTitleChecker/1.0)"
107.175.18.103 - - [29/Jul/2026:20:20:51 +0530] "GET / HTTP/1.1" 200 2762 "-" "Mozilla/5.0 (compatible; BulkTitleChecker/1.0)"
107.175.18.103 - - [29/Jul/2026:21:51:02 +0530] "GET / HTTP/1.1" 200 2762 "-" "Mozilla/5.0 (compatible; BulkTitleChecker/1.0)"
107.175.18.103 - - [29/Jul/2026:22:40:49 +0530] "GET / HTTP/1.1" 200 2762 "-" "Mozilla/5.0 (compatible; BulkTitleChecker/1.0)"
107.175.18.103 - - [29/Jul/2026:22:00:58 +0530] "GET / HTTP/1.1" 200 2762 "-" "Mozilla/5.0 (compatible; BulkTitleChecker/1.0)"
107.175.18.103 - - [29/Jul/2026:22:30:50 +0530] "GET / HTTP/1.1" 200 2762 "-" "Mozilla/5.0 (compatible; BulkTitleChecker/1.0)"
66.132.224.226 - - [29/Jul/2026:23:07:59 +0530] "GET / HTTP/1.1" 200 3245 "-" "Mozilla/5.0 (compatible; CensysInspect/1.1; +https://about.censys.io/)"
66.132.224.226 - - [29/Jul/2026:23:08:02 +0530] "GET /wp-admin/ HTTP/1.1" 200 895 "-" "Mozilla/5.0 (compatible; CensysInspect/1.1; +https://about.censys.io/)"
107.175.18.103 - - [29/Jul/2026:23:30:56 +0530] "GET / HTTP/1.1" 200 2762 "-" "Mozilla/5.0 (compatible; BulkTitleChecker/1.0)"
107.175.18.103 - - [29/Jul/2026:23:40:55 +0530] "GET / HTTP/1.1" 200 2762 "-" "Mozilla/5.0 (compatible; BulkTitleChecker/1.0)"
107.175.18.103 - - [29/Jul/2026:21:40:54 +0530] "GET / HTTP/1.1" 200 2762 "-" "Mozilla/5.0 (compatible; BulkTitleChecker/1.0)"
107.175.18.103 - - [29/Jul/2026:23:00:54 +0530] "GET / HTTP/1.1" 200 2799 "-" "Mozilla/5.0 (compatible; BulkTitleChecker/1.0)"
66.132.224.226 - - [29/Jul/2026:23:07:29 +0530] "GET / HTTP/1.1" 200 3245 "-" "Mozilla/5.0 (compatible; CensysInspect/1.1; +https://about.censys.io/)"
66.132.224.226 - - [29/Jul/2026:23:08:14 +0530] "GET / HTTP/1.1" 200 3245 "-" "Mozilla/5.0 (compatible; CensysInspect/1.1; +https://about.censys.io/)"
107.175.18.103 - - [29/Jul/2026:22:10:57 +0530] "GET / HTTP/1.1" 200 2762 "-" "Mozilla/5.0 (compatible; BulkTitleChecker/1.0)"
107.175.18.103 - - [29/Jul/2026:23:10:49 +0530] "GET / HTTP/1.1" 200 2762 "-" "Mozilla/5.0 (compatible; BulkTitleChecker/1.0)"
107.175.18.103 - - [29/Jul/2026:23:20:52 +0530] "GET / HTTP/1.1" 200 2799 "-" "Mozilla/5.0 (compatible; BulkTitleChecker/1.0)"
107.175.18.103 - - [29/Jul/2026:21:11:03 +0530] "GET / HTTP/1.1" 200 2762 "-" "Mozilla/5.0 (compatible; BulkTitleChecker/1.0)"
107.175.18.103 - - [29/Jul/2026:21:20:56 +0530] "GET / HTTP/1.1" 200 2762 "-" "Mozilla/5.0 (compatible; BulkTitleChecker/1.0)"
107.175.18.103 - - [29/Jul/2026:22:20:52 +0530] "GET / HTTP/1.1" 200 2762 "-" "Mozilla/5.0 (compatible; BulkTitleChecker/1.0)"
107.175.18.103 - - [29/Jul/2026:21:01:04 +0530] "GET / HTTP/1.1" 200 2762 "-" "Mozilla/5.0 (compatible; BulkTitleChecker/1.0)"
107.175.18.103 - - [29/Jul/2026:21:30:51 +0530] "GET / HTTP/1.1" 200 2799 "-" "Mozilla/5.0 (compatible; BulkTitleChecker/1.0)"
107.175.18.103 - - [29/Jul/2026:22:50:54 +0530] "GET / HTTP/1.1" 200 2762 "-" "Mozilla/5.0 (compatible; BulkTitleChecker/1.0)"
107.175.18.103 - - [29/Jul/2026:23:50:53 +0530] "GET / HTTP/1.1" 200 2762 "-" "Mozilla/5.0 (compatible; BulkTitleChecker/1.0)"
107.175.18.103 - - [30/Jul/2026:00:10:50 +0530] "GET / HTTP/1.1" 200 2762 "-" "Mozilla/5.0 (compatible; BulkTitleChecker/1.0)"
107.175.18.103 - - [30/Jul/2026:00:01:05 +0530] "GET / HTTP/1.1" 200 2762 "-" "Mozilla/5.0 (compatible; BulkTitleChecker/1.0)"
107.175.18.103 - - [30/Jul/2026:00:20:52 +0530] "GET / HTTP/1.1" 200 2799 "-" "Mozilla/5.0 (compatible; BulkTitleChecker/1.0)" PK 2�\��/� 3 investaspring.com.subicrotech.com.subimicrotech.comnu ��٘�
161.35.47.46 - - [29/Jul/2026:20:06:33 +0530] "GET / HTTP/1.1" 200 57956 "-" "Mozilla/5.0 (X11; Linux x86_64) AppleWebKit/537.36 (KHTML, like Gecko) Chrome/142.0.0.0 Safari/537.36"
142.132.155.239 - - [29/Jul/2026:20:33:29 +0530] "GET /.well-known/acme-challenge/KIR9DGB9-2Q5NK10ZMOIGK1GNZ51TD35 HTTP/1.1" 200 64 "-" "Cpanel-HTTP-Client/1.0"
66.132.172.136 - - [29/Jul/2026:20:53:03 +0530] "GET /favicon.ico HTTP/1.1" 404 796 "-" "Mozilla/5.0 (compatible; CensysInspect/1.1; +https://about.censys.io/)"
66.132.172.136 - - [29/Jul/2026:20:52:44 +0530] "GET / HTTP/1.1" 200 57956 "-" "Mozilla/5.0 (compatible; CensysInspect/1.1; +https://about.censys.io/)"
142.132.155.239 - - [29/Jul/2026:20:33:29 +0530] "GET /.well-known/acme-challenge/HD3D79ISEMZ7MX3GF8X2YWECI1-V0UT5 HTTP/1.1" 200 64 "-" "Cpanel-HTTP-Client/1.0"
66.132.172.136 - - [29/Jul/2026:20:56:29 +0530] "GET / HTTP/1.1" 200 57956 "-" "Mozilla/5.0 (compatible; CensysInspect/1.1; +https://about.censys.io/)"
142.132.155.239 - - [29/Jul/2026:23:30:59 +0530] "GET /.well-known/acme-challenge/28Z1ERCXBHG6PWMM09SWZLIV0F5YX-C_ HTTP/1.1" 200 64 "-" "Cpanel-HTTP-Client/1.0"
142.132.155.239 - - [29/Jul/2026:23:30:59 +0530] "GET /.well-known/acme-challenge/TDY8BKPKV27PGT6E_7T-M_S83UZAP47X HTTP/1.1" 200 64 "-" "Cpanel-HTTP-Client/1.0" PK 2�\K�� � whatsapp.subimicrotech.comnu ��٘�
107.175.18.103 - - [29/Jul/2026:18:50:59 +0530] "GET / HTTP/1.1" 200 1724 "-" "Mozilla/5.0 (compatible; BulkTitleChecker/1.0)"
107.175.18.103 - - [29/Jul/2026:19:00:57 +0530] "GET / HTTP/1.1" 200 1724 "-" "Mozilla/5.0 (compatible; BulkTitleChecker/1.0)"
107.175.18.103 - - [29/Jul/2026:18:41:15 +0530] "GET / HTTP/1.1" 200 1724 "-" "Mozilla/5.0 (compatible; BulkTitleChecker/1.0)"
107.175.18.103 - - [29/Jul/2026:18:30:56 +0530] "GET / HTTP/1.1" 200 1724 "-" "Mozilla/5.0 (compatible; BulkTitleChecker/1.0)"
107.175.18.103 - - [29/Jul/2026:18:21:10 +0530] "GET / HTTP/1.1" 200 1724 "-" "Mozilla/5.0 (compatible; BulkTitleChecker/1.0)"
107.175.18.103 - - [29/Jul/2026:19:10:53 +0530] "GET / HTTP/1.1" 200 1724 "-" "Mozilla/5.0 (compatible; BulkTitleChecker/1.0)"
107.175.18.103 - - [29/Jul/2026:19:40:51 +0530] "GET / HTTP/1.1" 200 1724 "-" "Mozilla/5.0 (compatible; BulkTitleChecker/1.0)"
66.132.172.133 - - [29/Jul/2026:19:57:03 +0530] "GET / HTTP/1.1" 200 2064 "-" "Mozilla/5.0 (compatible; CensysInspect/1.1; +https://about.censys.io/)"
66.132.172.133 - - [29/Jul/2026:19:57:04 +0530] "GET /api/ HTTP/1.1" 200 674 "-" "Mozilla/5.0 (compatible; CensysInspect/1.1; +https://about.censys.io/)"
107.175.18.103 - - [29/Jul/2026:20:00:58 +0530] "GET / HTTP/1.1" 200 1724 "-" "Mozilla/5.0 (compatible; BulkTitleChecker/1.0)"
107.175.18.103 - - [29/Jul/2026:20:11:06 +0530] "GET / HTTP/1.1" 200 1724 "-" "Mozilla/5.0 (compatible; BulkTitleChecker/1.0)"
107.175.18.103 - - [29/Jul/2026:19:30:53 +0530] "GET / HTTP/1.1" 200 1724 "-" "Mozilla/5.0 (compatible; BulkTitleChecker/1.0)"
107.175.18.103 - - [29/Jul/2026:19:20:48 +0530] "GET / HTTP/1.1" 200 1724 "-" "Mozilla/5.0 (compatible; BulkTitleChecker/1.0)"
107.175.18.103 - - [29/Jul/2026:19:50:56 +0530] "GET / HTTP/1.1" 200 1724 "-" "Mozilla/5.0 (compatible; BulkTitleChecker/1.0)"
107.175.18.103 - - [29/Jul/2026:20:41:02 +0530] "GET / HTTP/1.1" 200 1724 "-" "Mozilla/5.0 (compatible; BulkTitleChecker/1.0)"
107.175.18.103 - - [29/Jul/2026:20:50:56 +0530] "GET / HTTP/1.1" 200 1724 "-" "Mozilla/5.0 (compatible; BulkTitleChecker/1.0)"
107.175.18.103 - - [29/Jul/2026:20:30:57 +0530] "GET / HTTP/1.1" 200 1724 "-" "Mozilla/5.0 (compatible; BulkTitleChecker/1.0)"
107.175.18.103 - - [29/Jul/2026:20:20:52 +0530] "GET / HTTP/1.1" 200 1724 "-" "Mozilla/5.0 (compatible; BulkTitleChecker/1.0)"
155.103.69.162 - - [29/Jul/2026:21:54:25 +0530] "GET / HTTP/1.1" 200 9504 "-" "Mozilla/5.0 (Windows NT 5.1) AppleWebKit/537.36 (KHTML, like Gecko) Chrome/38.0.2125.111 Safari/537.36"
155.103.69.162 - - [29/Jul/2026:21:54:49 +0530] "GET /config.php HTTP/1.1" 500 0 "-" "Mozilla/5.0 (Windows NT 5.1) AppleWebKit/537.36 (KHTML, like Gecko) Chrome/38.0.2125.111 Safari/537.36"
107.175.18.103 - - [29/Jul/2026:21:11:04 +0530] "GET / HTTP/1.1" 200 1724 "-" "Mozilla/5.0 (compatible; BulkTitleChecker/1.0)"
107.175.18.103 - - [29/Jul/2026:22:30:51 +0530] "GET / HTTP/1.1" 200 1732 "-" "Mozilla/5.0 (compatible; BulkTitleChecker/1.0)"
107.175.18.103 - - [29/Jul/2026:21:30:52 +0530] "GET / HTTP/1.1" 200 1724 "-" "Mozilla/5.0 (compatible; BulkTitleChecker/1.0)"
107.175.18.103 - - [29/Jul/2026:22:40:49 +0530] "GET / HTTP/1.1" 200 1732 "-" "Mozilla/5.0 (compatible; BulkTitleChecker/1.0)"
107.175.18.103 - - [29/Jul/2026:23:10:50 +0530] "GET / HTTP/1.1" 200 1732 "-" "Mozilla/5.0 (compatible; BulkTitleChecker/1.0)"
107.175.18.103 - - [29/Jul/2026:21:01:05 +0530] "GET / HTTP/1.1" 200 1724 "-" "Mozilla/5.0 (compatible; BulkTitleChecker/1.0)"
107.175.18.103 - - [29/Jul/2026:21:40:55 +0530] "GET / HTTP/1.1" 200 1724 "-" "Mozilla/5.0 (compatible; BulkTitleChecker/1.0)"
107.175.18.103 - - [29/Jul/2026:22:00:58 +0530] "GET / HTTP/1.1" 200 1732 "-" "Mozilla/5.0 (compatible; BulkTitleChecker/1.0)"
107.175.18.103 - - [29/Jul/2026:22:10:58 +0530] "GET / HTTP/1.1" 200 1732 "-" "Mozilla/5.0 (compatible; BulkTitleChecker/1.0)"
107.175.18.103 - - [29/Jul/2026:22:50:55 +0530] "GET / HTTP/1.1" 200 1732 "-" "Mozilla/5.0 (compatible; BulkTitleChecker/1.0)"
107.175.18.103 - - [29/Jul/2026:23:00:55 +0530] "GET / HTTP/1.1" 200 1732 "-" "Mozilla/5.0 (compatible; BulkTitleChecker/1.0)"
107.175.18.103 - - [29/Jul/2026:23:40:56 +0530] "GET / HTTP/1.1" 200 1732 "-" "Mozilla/5.0 (compatible; BulkTitleChecker/1.0)"
107.175.18.103 - - [29/Jul/2026:21:20:57 +0530] "GET / HTTP/1.1" 200 1724 "-" "Mozilla/5.0 (compatible; BulkTitleChecker/1.0)"
155.103.69.162 - - [29/Jul/2026:21:54:27 +0530] "GET /robots.txt HTTP/1.1" 404 796 "-" "Mozilla/5.0 (Windows NT 5.1) AppleWebKit/537.36 (KHTML, like Gecko) Chrome/38.0.2125.111 Safari/537.36"
107.175.18.103 - - [29/Jul/2026:21:51:02 +0530] "GET / HTTP/1.1" 200 1724 "-" "Mozilla/5.0 (compatible; BulkTitleChecker/1.0)"
107.175.18.103 - - [29/Jul/2026:22:20:53 +0530] "GET / HTTP/1.1" 200 1732 "-" "Mozilla/5.0 (compatible; BulkTitleChecker/1.0)"
107.175.18.103 - - [29/Jul/2026:23:20:53 +0530] "GET / HTTP/1.1" 200 1732 "-" "Mozilla/5.0 (compatible; BulkTitleChecker/1.0)"
107.175.18.103 - - [29/Jul/2026:23:30:57 +0530] "GET / HTTP/1.1" 200 1732 "-" "Mozilla/5.0 (compatible; BulkTitleChecker/1.0)"
107.175.18.103 - - [29/Jul/2026:23:50:54 +0530] "GET / HTTP/1.1" 200 1732 "-" "Mozilla/5.0 (compatible; BulkTitleChecker/1.0)"
107.175.18.103 - - [30/Jul/2026:00:10:51 +0530] "GET / HTTP/1.1" 200 1732 "-" "Mozilla/5.0 (compatible; BulkTitleChecker/1.0)"
107.175.18.103 - - [30/Jul/2026:00:01:06 +0530] "GET / HTTP/1.1" 200 1732 "-" "Mozilla/5.0 (compatible; BulkTitleChecker/1.0)"
107.175.18.103 - - [30/Jul/2026:00:20:53 +0530] "GET / HTTP/1.1" 200 1732 "-" "Mozilla/5.0 (compatible; BulkTitleChecker/1.0)" PK 2�\�v�t\ \ apexwood.co.za.subimicrotech.comnu ��٘�
107.175.18.103 - - [29/Jul/2026:18:41:03 +0530] "GET / HTTP/1.1" 200 0 "-" "Mozilla/5.0 (compatible; BulkTitleChecker/1.0)"
107.175.18.103 - - [29/Jul/2026:18:21:07 +0530] "GET / HTTP/1.1" 200 0 "-" "Mozilla/5.0 (compatible; BulkTitleChecker/1.0)"
107.175.18.103 - - [29/Jul/2026:18:50:57 +0530] "GET / HTTP/1.1" 200 0 "-" "Mozilla/5.0 (compatible; BulkTitleChecker/1.0)"
107.175.18.103 - - [29/Jul/2026:19:00:54 +0530] "GET / HTTP/1.1" 200 0 "-" "Mozilla/5.0 (compatible; BulkTitleChecker/1.0)"
107.175.18.103 - - [29/Jul/2026:18:30:53 +0530] "GET / HTTP/1.1" 200 0 "-" "Mozilla/5.0 (compatible; BulkTitleChecker/1.0)"
107.175.18.103 - - [29/Jul/2026:19:20:45 +0530] "GET / HTTP/1.1" 200 0 "-" "Mozilla/5.0 (compatible; BulkTitleChecker/1.0)"
74.7.242.16 - - [29/Jul/2026:19:57:44 +0530] "GET /?sitemap84.xml HTTP/1.1" 429 0 "-" "Mozilla/5.0 AppleWebKit/537.36 (KHTML, like Gecko; compatible; GPTBot/1.4; +https://openai.com/gptbot)"
204.12.208.18 - - [29/Jul/2026:19:16:33 +0530] "GET /wp-includes/pl8de198/index.php HTTP/1.1" 200 0 "http://apexwood.co.za.subimicrotech.com/wp-includes/pl8de198/index.php" "Mozilla/4.0 (compatible; MSIE 7.0; Windows NT 6.0; SLCC1; .NET CLR 2.0.50727; Media Center PC 5.0; .NET CLR 3.0.04506)"
107.175.18.103 - - [29/Jul/2026:19:30:50 +0530] "GET / HTTP/1.1" 200 0 "-" "Mozilla/5.0 (compatible; BulkTitleChecker/1.0)"
107.175.18.103 - - [29/Jul/2026:19:50:52 +0530] "GET / HTTP/1.1" 200 0 "-" "Mozilla/5.0 (compatible; BulkTitleChecker/1.0)"
74.7.242.16 - - [29/Jul/2026:19:57:19 +0530] "GET /search.php?sitemap709.xml HTTP/1.1" 429 0 "-" "Mozilla/5.0 AppleWebKit/537.36 (KHTML, like Gecko; compatible; GPTBot/1.4; +https://openai.com/gptbot)"
74.7.241.139 - - [29/Jul/2026:19:47:22 +0530] "GET /robots.txt HTTP/1.1" 200 117 "-" "Mozilla/5.0 (Macintosh; Intel Mac OS X 10_15_7) AppleWebKit/537.36 (KHTML, like Gecko) Chrome/131.0.0.0 Safari/537.36; compatible; OAI-SearchBot/1.4; robots.txt; +https://openai.com/searchbot"
107.175.18.103 - - [29/Jul/2026:20:00:56 +0530] "GET / HTTP/1.1" 200 0 "-" "Mozilla/5.0 (compatible; BulkTitleChecker/1.0)"
74.7.242.16 - - [29/Jul/2026:19:47:22 +0530] "GET /?sitemap202.xml HTTP/1.1" 200 0 "-" "Mozilla/5.0 AppleWebKit/537.36 (KHTML, like Gecko; compatible; GPTBot/1.4; +https://openai.com/gptbot)"
74.7.242.16 - - [29/Jul/2026:20:00:51 +0530] "GET /?sitemapindex.xml HTTP/1.1" 429 0 "-" "Mozilla/5.0 AppleWebKit/537.36 (KHTML, like Gecko; compatible; GPTBot/1.4; +https://openai.com/gptbot)"
107.175.18.103 - - [29/Jul/2026:19:40:48 +0530] "GET / HTTP/1.1" 200 0 "-" "Mozilla/5.0 (compatible; BulkTitleChecker/1.0)"
107.175.18.103 - - [29/Jul/2026:20:11:03 +0530] "GET / HTTP/1.1" 200 0 "-" "Mozilla/5.0 (compatible; BulkTitleChecker/1.0)"
198.235.24.215 - - [29/Jul/2026:20:13:20 +0530] "GET / HTTP/1.1" 200 0 "-" "Hello from Palo Alto Networks, find out more about our scans in https://docs-cortex.paloaltonetworks.com/r/1/Cortex-Xpanse/Scanning-activity"
107.175.18.103 - - [29/Jul/2026:19:10:50 +0530] "GET / HTTP/1.1" 200 0 "-" "Mozilla/5.0 (compatible; BulkTitleChecker/1.0)"
66.132.224.226 - - [29/Jul/2026:19:53:07 +0530] "GET / HTTP/1.1" 200 0 "-" "Mozilla/5.0 (compatible; CensysInspect/1.1; +https://about.censys.io/)"
74.7.242.16 - - [29/Jul/2026:19:50:21 +0530] "GET /?sitemap313.xml HTTP/1.1" 429 0 "-" "Mozilla/5.0 AppleWebKit/537.36 (KHTML, like Gecko; compatible; GPTBot/1.4; +https://openai.com/gptbot)"
74.7.242.16 - - [29/Jul/2026:19:58:48 +0530] "GET /?sitemap336.xml HTTP/1.1" 429 0 "-" "Mozilla/5.0 AppleWebKit/537.36 (KHTML, like Gecko; compatible; GPTBot/1.4; +https://openai.com/gptbot)"
74.7.242.16 - - [29/Jul/2026:19:56:28 +0530] "GET /?sitemap667.xml HTTP/1.1" 429 0 "-" "Mozilla/5.0 AppleWebKit/537.36 (KHTML, like Gecko; compatible; GPTBot/1.4; +https://openai.com/gptbot)"
107.175.18.103 - - [29/Jul/2026:20:50:54 +0530] "GET / HTTP/1.1" 200 0 "-" "Mozilla/5.0 (compatible; BulkTitleChecker/1.0)"
107.175.18.103 - - [29/Jul/2026:20:20:49 +0530] "GET / HTTP/1.1" 200 0 "-" "Mozilla/5.0 (compatible; BulkTitleChecker/1.0)"
104.152.52.203 - - [29/Jul/2026:20:51:30 +0530] "GET / HTTP/1.1" 200 0 "-" "curl/7.61.1"
107.175.18.103 - - [29/Jul/2026:20:30:54 +0530] "GET / HTTP/1.1" 200 0 "-" "Mozilla/5.0 (compatible; BulkTitleChecker/1.0)"
107.175.18.103 - - [29/Jul/2026:20:40:59 +0530] "GET / HTTP/1.1" 200 0 "-" "Mozilla/5.0 (compatible; BulkTitleChecker/1.0)"
107.175.18.103 - - [29/Jul/2026:22:30:48 +0530] "GET / HTTP/1.1" 200 0 "-" "Mozilla/5.0 (compatible; BulkTitleChecker/1.0)"
107.175.18.103 - - [29/Jul/2026:23:20:50 +0530] "GET / HTTP/1.1" 200 0 "-" "Mozilla/5.0 (compatible; BulkTitleChecker/1.0)"
107.175.18.103 - - [29/Jul/2026:23:40:53 +0530] "GET / HTTP/1.1" 200 0 "-" "Mozilla/5.0 (compatible; BulkTitleChecker/1.0)"
45.248.151.249 - - [29/Jul/2026:23:47:20 +0530] "GET /wp-content/plugins/fpknpk9zd191ff27xlv8/a3ampzmbipnkpxeqhqpsanCdefault.php HTTP/1.1" 200 0 "-" "Mozilla/5.0 (Windows NT 10.0; Win64; x64) AppleWebKit/537.36 (KHTML, like Gecko) Chrome/150.0.0.0 Safari/537.36"
107.175.18.103 - - [29/Jul/2026:22:00:56 +0530] "GET / HTTP/1.1" 200 0 "-" "Mozilla/5.0 (compatible; BulkTitleChecker/1.0)"
107.175.18.103 - - [29/Jul/2026:22:10:55 +0530] "GET / HTTP/1.1" 200 0 "-" "Mozilla/5.0 (compatible; BulkTitleChecker/1.0)"
107.175.18.103 - - [29/Jul/2026:22:50:52 +0530] "GET / HTTP/1.1" 200 0 "-" "Mozilla/5.0 (compatible; BulkTitleChecker/1.0)"
107.175.18.103 - - [29/Jul/2026:23:00:53 +0530] "GET / HTTP/1.1" 200 0 "-" "Mozilla/5.0 (compatible; BulkTitleChecker/1.0)"
107.175.18.103 - - [29/Jul/2026:21:01:03 +0530] "GET / HTTP/1.1" 200 0 "-" "Mozilla/5.0 (compatible; BulkTitleChecker/1.0)"
107.175.18.103 - - [29/Jul/2026:21:11:01 +0530] "GET / HTTP/1.1" 200 0 "-" "Mozilla/5.0 (compatible; BulkTitleChecker/1.0)"
107.175.18.103 - - [29/Jul/2026:21:20:54 +0530] "GET / HTTP/1.1" 200 0 "-" "Mozilla/5.0 (compatible; BulkTitleChecker/1.0)"
107.175.18.103 - - [29/Jul/2026:21:30:49 +0530] "GET / HTTP/1.1" 200 0 "-" "Mozilla/5.0 (compatible; BulkTitleChecker/1.0)"
107.175.18.103 - - [29/Jul/2026:23:50:51 +0530] "GET / HTTP/1.1" 200 0 "-" "Mozilla/5.0 (compatible; BulkTitleChecker/1.0)"
107.175.18.103 - - [29/Jul/2026:21:50:59 +0530] "GET / HTTP/1.1" 200 0 "-" "Mozilla/5.0 (compatible; BulkTitleChecker/1.0)"
107.175.18.103 - - [29/Jul/2026:22:20:50 +0530] "GET / HTTP/1.1" 200 0 "-" "Mozilla/5.0 (compatible; BulkTitleChecker/1.0)"
45.248.151.249 - - [29/Jul/2026:23:47:35 +0530] "GET /favicon.ico HTTP/1.1" 404 796 "http://apexwood.co.za.subimicrotech.com/wp-content/plugins/fpknpk9zd191ff27xlv8/a3ampzmbipnkpxeqhqpsanCdefault.php" "Mozilla/5.0 (Windows NT 10.0; Win64; x64) AppleWebKit/537.36 (KHTML, like Gecko) Chrome/150.0.0.0 Safari/537.36"
107.175.18.103 - - [29/Jul/2026:21:40:52 +0530] "GET / HTTP/1.1" 200 0 "-" "Mozilla/5.0 (compatible; BulkTitleChecker/1.0)"
107.175.18.103 - - [29/Jul/2026:23:10:47 +0530] "GET / HTTP/1.1" 200 0 "-" "Mozilla/5.0 (compatible; BulkTitleChecker/1.0)"
107.175.18.103 - - [29/Jul/2026:22:40:47 +0530] "GET / HTTP/1.1" 200 0 "-" "Mozilla/5.0 (compatible; BulkTitleChecker/1.0)"
107.175.18.103 - - [29/Jul/2026:23:30:54 +0530] "GET / HTTP/1.1" 200 0 "-" "Mozilla/5.0 (compatible; BulkTitleChecker/1.0)"
107.175.18.103 - - [30/Jul/2026:00:20:50 +0530] "GET / HTTP/1.1" 200 0 "-" "Mozilla/5.0 (compatible; BulkTitleChecker/1.0)"
107.175.18.103 - - [30/Jul/2026:00:01:04 +0530] "GET / HTTP/1.1" 200 0 "-" "Mozilla/5.0 (compatible; BulkTitleChecker/1.0)"
107.175.18.103 - - [30/Jul/2026:00:10:48 +0530] "GET / HTTP/1.1" 200 0 "-" "Mozilla/5.0 (compatible; BulkTitleChecker/1.0)"
45.248.151.249 - - [30/Jul/2026:00:21:15 +0530] "GET /a3ampzmbipnkpxeqhqpsanCdefault.php HTTP/1.1" 200 0 "-" "Mozilla/5.0 (Windows NT 10.0; Win64; x64) AppleWebKit/537.36 (KHTML, like Gecko) Chrome/150.0.0.0 Safari/537.36" PK 2�\�P�F� � - protidewellness.com.subimicrotech.com-ssl_lognu ��٘�
66.132.195.121 - - [29/Jul/2026:18:56:59 +0530] "GET /favicon.ico HTTP/1.1" 404 796 "-" "Mozilla/5.0 (compatible; CensysInspect/1.1; +https://about.censys.io/)"
66.132.195.121 - - [29/Jul/2026:18:57:17 +0530] "GET / HTTP/1.1" 200 3249 "-" "Mozilla/5.0 (compatible; CensysInspect/1.1; +https://about.censys.io/)"
66.132.195.121 - - [29/Jul/2026:18:57:18 +0530] "GET /wp-admin/ HTTP/1.1" 200 899 "-" "Mozilla/5.0 (compatible; CensysInspect/1.1; +https://about.censys.io/)"
66.132.195.121 - - [29/Jul/2026:18:57:27 +0530] "GET / HTTP/1.1" 200 3249 "-" "Mozilla/5.0 (compatible; CensysInspect/1.1; +https://about.censys.io/)"
66.132.195.103 - - [29/Jul/2026:18:43:48 +0530] "GET / HTTP/1.1" 200 3249 "-" "Mozilla/5.0 (compatible; CensysInspect/1.1; +https://about.censys.io/)"
66.132.195.103 - - [29/Jul/2026:18:43:49 +0530] "GET /wp-admin/ HTTP/1.1" 200 899 "-" "Mozilla/5.0 (compatible; CensysInspect/1.1; +https://about.censys.io/)"
66.132.195.121 - - [29/Jul/2026:18:56:52 +0530] "GET / HTTP/1.1" 200 3249 "-" "Mozilla/5.0 (compatible; CensysInspect/1.1; +https://about.censys.io/)"
199.45.155.101 - - [29/Jul/2026:22:00:11 +0530] "GET / HTTP/1.1" 200 3246 "-" "Mozilla/5.0 (compatible; CensysInspect/1.1; +https://about.censys.io/)"
199.45.155.101 - - [29/Jul/2026:22:00:47 +0530] "GET / HTTP/1.1" 200 3246 "-" "Mozilla/5.0 (compatible; CensysInspect/1.1; +https://about.censys.io/)"
199.45.155.101 - - [29/Jul/2026:22:00:51 +0530] "GET /wp-admin/ HTTP/1.1" 200 896 "-" "Mozilla/5.0 (compatible; CensysInspect/1.1; +https://about.censys.io/)"
199.45.155.101 - - [29/Jul/2026:22:01:02 +0530] "GET / HTTP/1.1" 200 3246 "-" "Mozilla/5.0 (compatible; CensysInspect/1.1; +https://about.censys.io/)" PK 2�\��`�� � "