141.11.164.170 - - [29/Jul/2026:22:29:01 +0530] "GET /wp-admin/man.php7 HTTP/1.1" 404 796 "-" "Mozilla/5.0 (Linux; Android 10; K) AppleWebKit/537.36 (KHTML, like Gecko) Chrome/149.0.0.0 Mobile Safari/537.36"
141.11.164.170 - - [29/Jul/2026:22:29:02 +0530] "GET /wp-admin/GRZaqa6L_4PsQCHRHeB.php8 HTTP/1.1" 404 796 "-" "Mozilla/5.0 (Linux; Android 10; K) AppleWebKit/537.36 (KHTML, like Gecko) Chrome/149.0.0.0 Mobile Safari/537.36"
141.11.164.170 - - [29/Jul/2026:22:29:05 +0530] "GET /wp-admin/11x9MiN_GW4bvvFMmo.tomcat.5.jsp HTTP/1.1" 404 796 "-" "Mozilla/5.0 (Linux; Android 10; K) AppleWebKit/537.36 (KHTML, like Gecko) Chrome/149.0.0.0 Mobile Safari/537.36"
141.11.164.170 - - [29/Jul/2026:22:28:24 +0530] "GET /wp-admin/smtp.php HTTP/1.1" 404 796 "-" "Mozilla/5.0 (Linux; Android 10; K) AppleWebKit/537.36 (KHTML, like Gecko) Chrome/149.0.0.0 Mobile Safari/537.36"
141.11.164.170 - - [29/Jul/2026:22:28:28 +0530] "GET /wp-admin/new.php HTTP/1.1" 404 796 "-" "Mozilla/5.0 (Linux; Android 10; K) AppleWebKit/537.36 (KHTML, like Gecko) Chrome/149.0.0.0 Mobile Safari/537.36"
141.11.164.170 - - [29/Jul/2026:22:28:31 +0530] "GET /wp-admin/wp-pano.php HTTP/1.1" 404 796 "-" "Mozilla/5.0 (Linux; Android 10; K) AppleWebKit/537.36 (KHTML, like Gecko) Chrome/149.0.0.0 Mobile Safari/537.36"
141.11.164.170 - - [29/Jul/2026:22:28:32 +0530] "GET /wp-admin/thumbs.php HTTP/1.1" 404 796 "-" "Mozilla/5.0 (Linux; Android 10; K) AppleWebKit/537.36 (KHTML, like Gecko) Chrome/149.0.0.0 Mobile Safari/537.36"
141.11.164.170 - - [29/Jul/2026:22:28:35 +0530] "GET /wp-admin/wp-site.php HTTP/1.1" 404 796 "-" "Mozilla/5.0 (Linux; Android 10; K) AppleWebKit/537.36 (KHTML, like Gecko) Chrome/149.0.0.0 Mobile Safari/537.36"
141.11.164.170 - - [29/Jul/2026:22:28:36 +0530] "GET /wp-admin/on.php HTTP/1.1" 404 796 "-" "Mozilla/5.0 (Linux; Android 10; K) AppleWebKit/537.36 (KHTML, like Gecko) Chrome/149.0.0.0 Mobile Safari/537.36"
141.11.164.170 - - [29/Jul/2026:22:28:37 +0530] "GET /wp-admin/GSXDybB6zNv.php HTTP/1.1" 404 796 "-" "Mozilla/5.0 (Linux; Android 10; K) AppleWebKit/537.36 (KHTML, like Gecko) Chrome/149.0.0.0 Mobile Safari/537.36"
141.11.164.170 - - [29/Jul/2026:22:28:38 +0530] "GET /wp-admin/zestavrs.php HTTP/1.1" 404 796 "-" "Mozilla/5.0 (Linux; Android 10; K) AppleWebKit/537.36 (KHTML, like Gecko) Chrome/149.0.0.0 Mobile Safari/537.36"
141.11.164.170 - - [29/Jul/2026:22:28:39 +0530] "GET /wp-admin/xmlrpcs.php HTTP/1.1" 404 796 "-" "Mozilla/5.0 (Linux; Android 10; K) AppleWebKit/537.36 (KHTML, like Gecko) Chrome/149.0.0.0 Mobile Safari/537.36"
141.11.164.170 - - [29/Jul/2026:22:28:40 +0530] "GET /wp-admin/blackkitty.php HTTP/1.1" 404 796 "-" "Mozilla/5.0 (Linux; Android 10; K) AppleWebKit/537.36 (KHTML, like Gecko) Chrome/149.0.0.0 Mobile Safari/537.36"
141.11.164.170 - - [29/Jul/2026:22:28:42 +0530] "GET /wp-admin/xml.php HTTP/1.1" 404 796 "-" "Mozilla/5.0 (Linux; Android 10; K) AppleWebKit/537.36 (KHTML, like Gecko) Chrome/149.0.0.0 Mobile Safari/537.36"
141.11.164.170 - - [29/Jul/2026:22:28:44 +0530] "GET /wp-admin/ini.php HTTP/1.1" 404 796 "-" "Mozilla/5.0 (Linux; Android 10; K) AppleWebKit/537.36 (KHTML, like Gecko) Chrome/149.0.0.0 Mobile Safari/537.36"
141.11.164.170 - - [29/Jul/2026:22:28:48 +0530] "GET /wp-admin/saudi.php HTTP/1.1" 404 796 "-" "Mozilla/5.0 (Linux; Android 10; K) AppleWebKit/537.36 (KHTML, like Gecko) Chrome/149.0.0.0 Mobile Safari/537.36"
141.11.164.170 - - [29/Jul/2026:22:28:49 +0530] "GET /wp-admin/302.php HTTP/1.1" 404 796 "-" "Mozilla/5.0 (Linux; Android 10; K) AppleWebKit/537.36 (KHTML, like Gecko) Chrome/149.0.0.0 Mobile Safari/537.36"
141.11.164.170 - - [29/Jul/2026:22:28:56 +0530] "GET /wp-admin/wso.php.malware HTTP/1.1" 404 796 "-" "Mozilla/5.0 (Linux; Android 10; K) AppleWebKit/537.36 (KHTML, like Gecko) Chrome/149.0.0.0 Mobile Safari/537.36"
141.11.164.170 - - [29/Jul/2026:22:29:00 +0530] "GET /wp-admin/sell.php7 HTTP/1.1" 404 796 "-" "Mozilla/5.0 (Linux; Android 10; K) AppleWebKit/537.36 (KHTML, like Gecko) Chrome/149.0.0.0 Mobile Safari/537.36"
141.11.164.170 - - [29/Jul/2026:22:29:01 +0530] "GET /wp-admin/riRX7iwbGMXruam0n.php8 HTTP/1.1" 404 796 "-" "Mozilla/5.0 (Linux; Android 10; K) AppleWebKit/537.36 (KHTML, like Gecko) Chrome/149.0.0.0 Mobile Safari/537.36"
141.11.164.170 - - [29/Jul/2026:22:29:07 +0530] "GET /wp-admin/bXAezzYmg7Np7vr7V.update.php HTTP/1.1" 404 796 "-" "Mozilla/5.0 (Linux; Android 10; K) AppleWebKit/537.36 (KHTML, like Gecko) Chrome/149.0.0.0 Mobile Safari/537.36"
141.11.164.170 - - [29/Jul/2026:22:29:07 +0530] "GET /wp-admin/zryRbFgNHsBMWlnmaj.update.php HTTP/1.1" 404 796 "-" "Mozilla/5.0 (Linux; Android 10; K) AppleWebKit/537.36 (KHTML, like Gecko) Chrome/149.0.0.0 Mobile Safari/537.36"
141.11.164.170 - - [29/Jul/2026:22:29:05 +0530] "GET /wp-admin/tunnel.tomcat.5.jsp HTTP/1.1" 404 796 "-" "Mozilla/5.0 (Linux; Android 10; K) AppleWebKit/537.36 (KHTML, like Gecko) Chrome/149.0.0.0 Mobile Safari/537.36"
141.11.164.170 - - [29/Jul/2026:22:29:08 +0530] "GET /wp-admin/RD6RdTUpPgs_Wtd6qV.well-known HTTP/1.1" 404 796 "-" "Mozilla/5.0 (Linux; Android 10; K) AppleWebKit/537.36 (KHTML, like Gecko) Chrome/149.0.0.0 Mobile Safari/537.36"
141.11.164.170 - - [29/Jul/2026:22:29:09 +0530] "GET /wp-admin/.wjpl95qv_mlr.php HTTP/1.1" 404 796 "-" "Mozilla/5.0 (Linux; Android 10; K) AppleWebKit/537.36 (KHTML, like Gecko) Chrome/149.0.0.0 Mobile Safari/537.36"
188.245.193.111 - - [29/Jul/2026:23:37:49 +0530] "GET /wnddrsoewxko2ucsxmrlgCdefault.php HTTP/1.1" 200 6972 "-" "Mozilla/5.0 (Macintosh; Intel Mac OS X 10_15_7) AppleWebKit/537.36 (KHTML, like Gecko) Chrome/122.0.0.0 Safari/537.36"
141.11.164.170 - - [29/Jul/2026:22:29:07 +0530] "GET /wp-admin/xhornoeu.update.php HTTP/1.1" 404 796 "-" "Mozilla/5.0 (Linux; Android 10; K) AppleWebKit/537.36 (KHTML, like Gecko) Chrome/149.0.0.0 Mobile Safari/537.36"
141.11.164.170 - - [29/Jul/2026:22:29:00 +0530] "GET /wp-admin/about.php7 HTTP/1.1" 404 796 "-" "Mozilla/5.0 (Linux; Android 10; K) AppleWebKit/537.36 (KHTML, like Gecko) Chrome/149.0.0.0 Mobile Safari/537.36"
141.11.164.170 - - [29/Jul/2026:22:29:01 +0530] "GET /wp-admin/unzipper.php7 HTTP/1.1" 404 796 "-" "Mozilla/5.0 (Linux; Android 10; K) AppleWebKit/537.36 (KHTML, like Gecko) Chrome/149.0.0.0 Mobile Safari/537.36"
141.11.164.170 - - [29/Jul/2026:22:29:02 +0530] "GET /wp-admin/default.php8 HTTP/1.1" 404 796 "-" "Mozilla/5.0 (Linux; Android 10; K) AppleWebKit/537.36 (KHTML, like Gecko) Chrome/149.0.0.0 Mobile Safari/537.36"
141.11.164.170 - - [29/Jul/2026:22:29:03 +0530] "GET /wp-admin/aBWx4Zt4Zafd8cPKmg.test.php HTTP/1.1" 404 796 "-" "Mozilla/5.0 (Linux; Android 10; K) AppleWebKit/537.36 (KHTML, like Gecko) Chrome/149.0.0.0 Mobile Safari/537.36"
141.11.164.170 - - [29/Jul/2026:22:29:06 +0530] "GET /wp-admin/ERxu_qqa2MVkf_NkK.txt HTTP/1.1" 404 796 "-" "Mozilla/5.0 (Linux; Android 10; K) AppleWebKit/537.36 (KHTML, like Gecko) Chrome/149.0.0.0 Mobile Safari/537.36"
141.11.164.170 - - [29/Jul/2026:22:28:46 +0530] "GET /wp-admin/error.php HTTP/1.1" 404 796 "-" "Mozilla/5.0 (Linux; Android 10; K) AppleWebKit/537.36 (KHTML, like Gecko) Chrome/149.0.0.0 Mobile Safari/537.36"
141.11.164.170 - - [29/Jul/2026:22:28:50 +0530] "GET /wp-admin/tunnel.php HTTP/1.1" 404 796 "-" "Mozilla/5.0 (Linux; Android 10; K) AppleWebKit/537.36 (KHTML, like Gecko) Chrome/149.0.0.0 Mobile Safari/537.36"
141.11.164.170 - - [29/Jul/2026:22:28:52 +0530] "GET /wp-admin/tb1LtnjwAT4nV7amY.php.malware HTTP/1.1" 404 796 "-" "Mozilla/5.0 (Linux; Android 10; K) AppleWebKit/537.36 (KHTML, like Gecko) Chrome/149.0.0.0 Mobile Safari/537.36"
141.11.164.170 - - [29/Jul/2026:22:28:54 +0530] "GET /wp-admin/cache.php.malware HTTP/1.1" 404 796 "-" "Mozilla/5.0 (Linux; Android 10; K) AppleWebKit/537.36 (KHTML, like Gecko) Chrome/149.0.0.0 Mobile Safari/537.36"
141.11.164.170 - - [29/Jul/2026:22:28:55 +0530] "GET /wp-admin/mah.php.malware HTTP/1.1" 404 796 "-" "Mozilla/5.0 (Linux; Android 10; K) AppleWebKit/537.36 (KHTML, like Gecko) Chrome/149.0.0.0 Mobile Safari/537.36"
141.11.164.170 - - [29/Jul/2026:22:28:56 +0530] "GET /wp-admin/wp-config.php.malware HTTP/1.1" 404 796 "-" "Mozilla/5.0 (Linux; Android 10; K) AppleWebKit/537.36 (KHTML, like Gecko) Chrome/149.0.0.0 Mobile Safari/537.36"
141.11.164.170 - - [29/Jul/2026:22:28:57 +0530] "GET /wp-admin/Ah7x5kY22tWInVj_kKy.php.suspected HTTP/1.1" 404 796 "-" "Mozilla/5.0 (Linux; Android 10; K) AppleWebKit/537.36 (KHTML, like Gecko) Chrome/149.0.0.0 Mobile Safari/537.36"
141.11.164.170 - - [29/Jul/2026:22:29:02 +0530] "GET /wp-admin/alfa-rex.php8 HTTP/1.1" 404 796 "-" "Mozilla/5.0 (Linux; Android 10; K) AppleWebKit/537.36 (KHTML, like Gecko) Chrome/149.0.0.0 Mobile Safari/537.36"
141.11.164.170 - - [29/Jul/2026:22:29:04 +0530] "GET /wp-admin/6jPIIRGNDN6GnLHOMy.tmb HTTP/1.1" 404 796 "-" "Mozilla/5.0 (Linux; Android 10; K) AppleWebKit/537.36 (KHTML, like Gecko) Chrome/149.0.0.0 Mobile Safari/537.36"
141.11.164.170 - - [29/Jul/2026:22:29:04 +0530] "GET /wp-admin/iIdfqyNQC3hajwdgSde.tmb HTTP/1.1" 404 796 "-" "Mozilla/5.0 (Linux; Android 10; K) AppleWebKit/537.36 (KHTML, like Gecko) Chrome/149.0.0.0 Mobile Safari/537.36"
141.11.164.170 - - [29/Jul/2026:22:29:08 +0530] "GET /wp-admin/qniPuAnLTolx__K6b.wjpl95qv_mlr.php HTTP/1.1" 404 796 "-" "Mozilla/5.0 (Linux; Android 10; K) AppleWebKit/537.36 (KHTML, like Gecko) Chrome/149.0.0.0 Mobile Safari/537.36"
141.11.164.170 - - [29/Jul/2026:22:29:10 +0530] "GET /wp-admin/jsfshell.xhtml HTTP/1.1" 404 796 "-" "Mozilla/5.0 (Linux; Android 10; K) AppleWebKit/537.36 (KHTML, like Gecko) Chrome/149.0.0.0 Mobile Safari/537.36"
141.11.164.170 - - [29/Jul/2026:22:28:46 +0530] "GET /wp-admin/delcheck.php HTTP/1.1" 404 796 "-" "Mozilla/5.0 (Linux; Android 10; K) AppleWebKit/537.36 (KHTML, like Gecko) Chrome/149.0.0.0 Mobile Safari/537.36"
141.11.164.170 - - [29/Jul/2026:22:28:48 +0530] "GET /wp-admin/pro.php HTTP/1.1" 404 796 "-" "Mozilla/5.0 (Linux; Android 10; K) AppleWebKit/537.36 (KHTML, like Gecko) Chrome/149.0.0.0 Mobile Safari/537.36"
141.11.164.170 - - [29/Jul/2026:22:28:50 +0530] "GET /wp-admin/wpyii2.php HTTP/1.1" 404 796 "-" "Mozilla/5.0 (Linux; Android 10; K) AppleWebKit/537.36 (KHTML, like Gecko) Chrome/149.0.0.0 Mobile Safari/537.36"
141.11.164.170 - - [29/Jul/2026:22:28:51 +0530] "GET /wp-admin/511.php HTTP/1.1" 404 796 "-" "Mozilla/5.0 (Linux; Android 10; K) AppleWebKit/537.36 (KHTML, like Gecko) Chrome/149.0.0.0 Mobile Safari/537.36"
141.11.164.170 - - [29/Jul/2026:22:28:53 +0530] "GET /wp-admin/xx.php.malware HTTP/1.1" 404 796 "-" "Mozilla/5.0 (Linux; Android 10; K) AppleWebKit/537.36 (KHTML, like Gecko) Chrome/149.0.0.0 Mobile Safari/537.36"
141.11.164.170 - - [29/Jul/2026:22:28:55 +0530] "GET /wp-admin/admin.php.malware HTTP/1.1" 404 796 "-" "Mozilla/5.0 (Linux; Android 10; K) AppleWebKit/537.36 (KHTML, like Gecko) Chrome/149.0.0.0 Mobile Safari/537.36"
141.11.164.170 - - [29/Jul/2026:22:28:57 +0530] "GET /wp-admin/IGOXsXeMKhqay0UcP.php.suspected HTTP/1.1" 404 796 "-" "Mozilla/5.0 (Linux; Android 10; K) AppleWebKit/537.36 (KHTML, like Gecko) Chrome/149.0.0.0 Mobile Safari/537.36"
141.11.164.170 - - [29/Jul/2026:22:28:57 +0530] "GET /wp-admin/index.php.suspected HTTP/1.1" 404 796 "-" "Mozilla/5.0 (Linux; Android 10; K) AppleWebKit/537.36 (KHTML, like Gecko) Chrome/149.0.0.0 Mobile Safari/537.36"
141.11.164.170 - - [29/Jul/2026:22:28:58 +0530] "GET /wp-admin/cache.php.suspected HTTP/1.1" 404 796 "-" "Mozilla/5.0 (Linux; Android 10; K) AppleWebKit/537.36 (KHTML, like Gecko) Chrome/149.0.0.0 Mobile Safari/537.36"
141.11.164.170 - - [29/Jul/2026:22:28:59 +0530] "GET /wp-admin/W6902oURz41QxawM1N2.php7 HTTP/1.1" 404 796 "-" "Mozilla/5.0 (Linux; Android 10; K) AppleWebKit/537.36 (KHTML, like Gecko) Chrome/149.0.0.0 Mobile Safari/537.36"
141.11.164.170 - - [29/Jul/2026:22:29:03 +0530] "GET /wp-admin/.test.php HTTP/1.1" 404 796 "-" "Mozilla/5.0 (Linux; Android 10; K) AppleWebKit/537.36 (KHTML, like Gecko) Chrome/149.0.0.0 Mobile Safari/537.36"
141.11.164.170 - - [29/Jul/2026:22:29:05 +0530] "GET /wp-admin/gWbuLdlXrTP6MdvpjWi.tomcat.5.jsp HTTP/1.1" 404 796 "-" "Mozilla/5.0 (Linux; Android 10; K) AppleWebKit/537.36 (KHTML, like Gecko) Chrome/149.0.0.0 Mobile Safari/537.36"
141.11.164.170 - - [29/Jul/2026:22:29:06 +0530] "GET /wp-admin/DRarBd1P5yWFrmWYTE.txt HTTP/1.1" 404 796 "-" "Mozilla/5.0 (Linux; Android 10; K) AppleWebKit/537.36 (KHTML, like Gecko) Chrome/149.0.0.0 Mobile Safari/537.36"
141.11.164.170 - - [29/Jul/2026:22:29:06 +0530] "GET /wp-admin/5UPPQMyiUhxvqoF3LB5.txt HTTP/1.1" 404 796 "-" "Mozilla/5.0 (Linux; Android 10; K) AppleWebKit/537.36 (KHTML, like Gecko) Chrome/149.0.0.0 Mobile Safari/537.36"
141.11.164.170 - - [29/Jul/2026:22:29:06 +0530] "GET /wp-admin/1337.txt HTTP/1.1" 404 796 "-" "Mozilla/5.0 (Linux; Android 10; K) AppleWebKit/537.36 (KHTML, like Gecko) Chrome/149.0.0.0 Mobile Safari/537.36"
141.11.164.170 - - [29/Jul/2026:22:29:08 +0530] "GET /wp-admin/Bs0LRLMykagv0frTR47.well-known HTTP/1.1" 404 796 "-" "Mozilla/5.0 (Linux; Android 10; K) AppleWebKit/537.36 (KHTML, like Gecko) Chrome/149.0.0.0 Mobile Safari/537.36"
141.11.164.170 - - [29/Jul/2026:22:29:08 +0530] "GET /wp-admin/.well-known HTTP/1.1" 404 796 "-" "Mozilla/5.0 (Linux; Android 10; K) AppleWebKit/537.36 (KHTML, like Gecko) Chrome/149.0.0.0 Mobile Safari/537.36"
188.245.193.111 - - [29/Jul/2026:23:40:36 +0530] "GET /wnddrsoewxko2ucsxmrlgCdefault.php HTTP/1.1" 200 6993 "-" "Mozilla/5.0 (Macintosh; Intel Mac OS X 10_15_7) AppleWebKit/537.36 (KHTML, like Gecko) Chrome/122.0.0.0 Safari/537.36"
141.11.164.170 - - [29/Jul/2026:22:28:46 +0530] "GET /wp-admin/css.php HTTP/1.1" 404 796 "-" "Mozilla/5.0 (Linux; Android 10; K) AppleWebKit/537.36 (KHTML, like Gecko) Chrome/149.0.0.0 Mobile Safari/537.36"
141.11.164.170 - - [29/Jul/2026:22:28:50 +0530] "GET /wp-admin/dos2unix.php HTTP/1.1" 404 796 "-" "Mozilla/5.0 (Linux; Android 10; K) AppleWebKit/537.36 (KHTML, like Gecko) Chrome/149.0.0.0 Mobile Safari/537.36"
141.11.164.170 - - [29/Jul/2026:22:28:51 +0530] "GET /wp-admin/clsleakdyzm1.php HTTP/1.1" 404 796 "-" "Mozilla/5.0 (Linux; Android 10; K) AppleWebKit/537.36 (KHTML, like Gecko) Chrome/149.0.0.0 Mobile Safari/537.36"
141.11.164.170 - - [29/Jul/2026:22:28:52 +0530] "GET /wp-admin/ubvbuhMLXyGuImVseNh.php.malware HTTP/1.1" 404 796 "-" "Mozilla/5.0 (Linux; Android 10; K) AppleWebKit/537.36 (KHTML, like Gecko) Chrome/149.0.0.0 Mobile Safari/537.36"
141.11.164.170 - - [29/Jul/2026:22:28:55 +0530] "GET /wp-admin/install.php.malware HTTP/1.1" 404 796 "-" "Mozilla/5.0 (Linux; Android 10; K) AppleWebKit/537.36 (KHTML, like Gecko) Chrome/149.0.0.0 Mobile Safari/537.36"
141.11.164.170 - - [29/Jul/2026:22:28:56 +0530] "GET /wp-admin/wp-trackback.php.malware HTTP/1.1" 404 796 "-" "Mozilla/5.0 (Linux; Android 10; K) AppleWebKit/537.36 (KHTML, like Gecko) Chrome/149.0.0.0 Mobile Safari/537.36"
141.11.164.170 - - [29/Jul/2026:22:29:03 +0530] "GET /wp-admin/SnAJvr8HIXtRk104Olh.test.php HTTP/1.1" 404 796 "-" "Mozilla/5.0 (Linux; Android 10; K) AppleWebKit/537.36 (KHTML, like Gecko) Chrome/149.0.0.0 Mobile Safari/537.36"
141.11.164.170 - - [29/Jul/2026:22:29:07 +0530] "GET /wp-admin/Onizb6EXBfTaNMwcm.well-known HTTP/1.1" 404 796 "-" "Mozilla/5.0 (Linux; Android 10; K) AppleWebKit/537.36 (KHTML, like Gecko) Chrome/149.0.0.0 Mobile Safari/537.36"
141.11.164.170 - - [29/Jul/2026:22:29:10 +0530] "GET /wp-admin/aPSqrN_FIU74XjD4Rl.xhtml HTTP/1.1" 404 796 "-" "Mozilla/5.0 (Linux; Android 10; K) AppleWebKit/537.36 (KHTML, like Gecko) Chrome/149.0.0.0 Mobile Safari/537.36"
141.11.164.170 - - [29/Jul/2026:22:29:10 +0530] "GET /wp-admin/SrNcuKn_eOjW7mgqcR0.xhtml HTTP/1.1" 404 796 "-" "Mozilla/5.0 (Linux; Android 10; K) AppleWebKit/537.36 (KHTML, like Gecko) Chrome/149.0.0.0 Mobile Safari/537.36"
141.11.164.170 - - [29/Jul/2026:22:28:42 +0530] "GET /wp-admin/4.php HTTP/1.1" 404 796 "-" "Mozilla/5.0 (Linux; Android 10; K) AppleWebKit/537.36 (KHTML, like Gecko) Chrome/149.0.0.0 Mobile Safari/537.36"
141.11.164.170 - - [29/Jul/2026:22:28:46 +0530] "GET /wp-admin/z.php HTTP/1.1" 404 796 "-" "Mozilla/5.0 (Linux; Android 10; K) AppleWebKit/537.36 (KHTML, like Gecko) Chrome/149.0.0.0 Mobile Safari/537.36"
141.11.164.170 - - [29/Jul/2026:22:28:47 +0530] "GET /wp-admin/2020.php HTTP/1.1" 404 796 "-" "Mozilla/5.0 (Linux; Android 10; K) AppleWebKit/537.36 (KHTML, like Gecko) Chrome/149.0.0.0 Mobile Safari/537.36"
141.11.164.170 - - [29/Jul/2026:22:28:48 +0530] "GET /wp-admin/uadm.php HTTP/1.1" 404 796 "-" "Mozilla/5.0 (Linux; Android 10; K) AppleWebKit/537.36 (KHTML, like Gecko) Chrome/149.0.0.0 Mobile Safari/537.36"
141.11.164.170 - - [29/Jul/2026:22:28:49 +0530] "GET /wp-admin/402.php HTTP/1.1" 404 796 "-" "Mozilla/5.0 (Linux; Android 10; K) AppleWebKit/537.36 (KHTML, like Gecko) Chrome/149.0.0.0 Mobile Safari/537.36"
141.11.164.170 - - [29/Jul/2026:22:28:53 +0530] "GET /wp-admin/wp-login.php.malware HTTP/1.1" 404 796 "-" "Mozilla/5.0 (Linux; Android 10; K) AppleWebKit/537.36 (KHTML, like Gecko) Chrome/149.0.0.0 Mobile Safari/537.36"
141.11.164.170 - - [29/Jul/2026:22:28:53 +0530] "GET /wp-admin/networks.php.malware HTTP/1.1" 404 796 "-" "Mozilla/5.0 (Linux; Android 10; K) AppleWebKit/537.36 (KHTML, like Gecko) Chrome/149.0.0.0 Mobile Safari/537.36"
141.11.164.170 - - [29/Jul/2026:22:28:54 +0530] "GET /wp-admin/product.php.malware HTTP/1.1" 404 796 "-" "Mozilla/5.0 (Linux; Android 10; K) AppleWebKit/537.36 (KHTML, like Gecko) Chrome/149.0.0.0 Mobile Safari/537.36"
141.11.164.170 - - [29/Jul/2026:22:28:56 +0530] "GET /wp-admin/xmlrpc.php.malware HTTP/1.1" 404 796 "-" "Mozilla/5.0 (Linux; Android 10; K) AppleWebKit/537.36 (KHTML, like Gecko) Chrome/149.0.0.0 Mobile Safari/537.36"
141.11.164.170 - - [29/Jul/2026:22:28:58 +0530] "GET /wp-admin/about.php.suspected HTTP/1.1" 404 796 "-" "Mozilla/5.0 (Linux; Android 10; K) AppleWebKit/537.36 (KHTML, like Gecko) Chrome/149.0.0.0 Mobile Safari/537.36"
141.11.164.170 - - [29/Jul/2026:22:28:58 +0530] "GET /wp-admin/admin.php.suspected HTTP/1.1" 404 796 "-" "Mozilla/5.0 (Linux; Android 10; K) AppleWebKit/537.36 (KHTML, like Gecko) Chrome/149.0.0.0 Mobile Safari/537.36"
141.11.164.170 - - [29/Jul/2026:22:28:59 +0530] "GET /wp-admin/YwWIMamHspOJUcYpBx.php7 HTTP/1.1" 404 796 "-" "Mozilla/5.0 (Linux; Android 10; K) AppleWebKit/537.36 (KHTML, like Gecko) Chrome/149.0.0.0 Mobile Safari/537.36"
141.11.164.170 - - [29/Jul/2026:22:29:01 +0530] "GET /wp-admin/shell_wso.php7 HTTP/1.1" 404 796 "-" "Mozilla/5.0 (Linux; Android 10; K) AppleWebKit/537.36 (KHTML, like Gecko) Chrome/149.0.0.0 Mobile Safari/537.36"
141.11.164.170 - - [29/Jul/2026:22:29:02 +0530] "GET /wp-admin/DOxThCoqUSGOI9e1re.php8 HTTP/1.1" 404 796 "-" "Mozilla/5.0 (Linux; Android 10; K) AppleWebKit/537.36 (KHTML, like Gecko) Chrome/149.0.0.0 Mobile Safari/537.36"
141.11.164.170 - - [29/Jul/2026:22:29:09 +0530] "GET /wp-admin/0aFr1Bs0_4izDn3zmh.wjpl95qv_mlr.php HTTP/1.1" 404 796 "-" "Mozilla/5.0 (Linux; Android 10; K) AppleWebKit/537.36 (KHTML, like Gecko) Chrome/149.0.0.0 Mobile Safari/537.36"
141.11.164.170 - - [29/Jul/2026:22:28:54 +0530] "GET /wp-admin/click.php.malware HTTP/1.1" 404 796 "-" "Mozilla/5.0 (Linux; Android 10; K) AppleWebKit/537.36 (KHTML, like Gecko) Chrome/149.0.0.0 Mobile Safari/537.36"
141.11.164.170 - - [29/Jul/2026:22:28:59 +0530] "GET /wp-admin/DtRfAW9Ie5WG1BuFG.php7 HTTP/1.1" 404 796 "-" "Mozilla/5.0 (Linux; Android 10; K) AppleWebKit/537.36 (KHTML, like Gecko) Chrome/149.0.0.0 Mobile Safari/537.36"
141.11.164.170 - - [29/Jul/2026:22:29:00 +0530] "GET /wp-admin/alfa-rex.php7 HTTP/1.1" 404 796 "-" "Mozilla/5.0 (Linux; Android 10; K) AppleWebKit/537.36 (KHTML, like Gecko) Chrome/149.0.0.0 Mobile Safari/537.36"
141.11.164.170 - - [29/Jul/2026:22:29:01 +0530] "GET /wp-admin/t.php7 HTTP/1.1" 404 796 "-" "Mozilla/5.0 (Linux; Android 10; K) AppleWebKit/537.36 (KHTML, like Gecko) Chrome/149.0.0.0 Mobile Safari/537.36"
141.11.164.170 - - [29/Jul/2026:22:29:03 +0530] "GET /wp-admin/hXnANEv8iXi8GbZnf.test.php HTTP/1.1" 404 796 "-" "Mozilla/5.0 (Linux; Android 10; K) AppleWebKit/537.36 (KHTML, like Gecko) Chrome/149.0.0.0 Mobile Safari/537.36"
141.11.164.170 - - [29/Jul/2026:22:29:04 +0530] "GET /wp-admin/m_9PF_2tZZivmnXWn.tmb HTTP/1.1" 404 796 "-" "Mozilla/5.0 (Linux; Android 10; K) AppleWebKit/537.36 (KHTML, like Gecko) Chrome/149.0.0.0 Mobile Safari/537.36"
141.11.164.170 - - [29/Jul/2026:22:29:04 +0530] "GET /wp-admin/.tmb HTTP/1.1" 404 796 "-" "Mozilla/5.0 (Linux; Android 10; K) AppleWebKit/537.36 (KHTML, like Gecko) Chrome/149.0.0.0 Mobile Safari/537.36"
141.11.164.170 - - [29/Jul/2026:22:29:05 +0530] "GET /wp-admin/jhpuNhAXQP3J5Ozys.tomcat.5.jsp HTTP/1.1" 404 796 "-" "Mozilla/5.0 (Linux; Android 10; K) AppleWebKit/537.36 (KHTML, like Gecko) Chrome/149.0.0.0 Mobile Safari/537.36"
141.11.164.170 - - [29/Jul/2026:22:29:07 +0530] "GET /wp-admin/aT2t9lvHwNG1drmM8JV.update.php HTTP/1.1" 404 796 "-" "Mozilla/5.0 (Linux; Android 10; K) AppleWebKit/537.36 (KHTML, like Gecko) Chrome/149.0.0.0 Mobile Safari/537.36"
141.11.164.170 - - [29/Jul/2026:22:29:09 +0530] "GET /wp-admin/3xISFpDX_20hJVVBYkq.wjpl95qv_mlr.php HTTP/1.1" 404 796 "-" "Mozilla/5.0 (Linux; Android 10; K) AppleWebKit/537.36 (KHTML, like Gecko) Chrome/149.0.0.0 Mobile Safari/537.36"
141.11.164.170 - - [29/Jul/2026:22:29:09 +0530] "GET /wp-admin/QTDui1AUIljxztQYm.xhtml HTTP/1.1" 404 796 "-" "Mozilla/5.0 (Linux; Android 10; K) AppleWebKit/537.36 (KHTML, like Gecko) Chrome/149.0.0.0 Mobile Safari/537.36" PK 2�\T�ˣ� �� . apextradingltd.co.za.subimicrotech.com-ssl_lognu ��٘�
216.73.216.53 - - [29/Jul/2026:18:25:39 +0530] "GET /?product-page=23 HTTP/2" 200 36635 "-" "Mozilla/5.0 AppleWebKit/537.36 (KHTML, like Gecko; compatible; ClaudeBot/1.0; +claudebot@anthropic.com)"
216.73.216.53 - - [29/Jul/2026:18:29:02 +0530] "GET /?product-page=15 HTTP/2" 200 36806 "-" "Mozilla/5.0 AppleWebKit/537.36 (KHTML, like Gecko; compatible; ClaudeBot/1.0; +claudebot@anthropic.com)"
135.116.18.122 - - [29/Jul/2026:18:31:32 +0530] "POST /wp-login.php HTTP/1.1" 200 0 "-" "Mozilla/5.0 (Windows NT 10.0; Win64; x64) AppleWebKit/537.36 Chrome/129.0.0.0 Safari/537.36"
43.159.149.56 - - [29/Jul/2026:18:33:43 +0530] "GET /shop/ HTTP/1.1" 200 34118 "https://apextradingltd.co.za/shop" "Mozilla/5.0 (iPhone; CPU iPhone OS 13_2_3 like Mac OS X) AppleWebKit/605.1.15 (KHTML, like Gecko) Version/13.0.3 Mobile/15E148 Safari/604.1"
43.157.158.178 - - [29/Jul/2026:18:42:33 +0530] "GET /contact/ HTTP/1.1" 200 32948 "-" "Mozilla/5.0 (iPhone; CPU iPhone OS 13_2_3 like Mac OS X) AppleWebKit/605.1.15 (KHTML, like Gecko) Version/13.0.3 Mobile/15E148 Safari/604.1"
135.116.18.122 - - [29/Jul/2026:18:44:56 +0530] "POST /wp-login.php HTTP/1.1" 200 0 "-" "Mozilla/5.0 (Windows NT 10.0; Win64; rv:143.0) Gecko/20100101 Firefox/143.0"
84.54.120.104 - - [29/Jul/2026:19:00:06 +0530] "GET /products/detail/894001907 HTTP/1.1" 404 27830 "-" "Mozilla/5.0 (Windows NT 6.2; Win64; x64) AppleWebKit/537.36 (KHTML, like Gecko) Chrome/72.0.3626.121 Safari/537.36"
216.73.216.53 - - [29/Jul/2026:18:23:30 +0530] "GET /wp-content/themes/hello-elementor/assets/css/header-footer.css HTTP/2" 200 1261 "-" "Mozilla/5.0 AppleWebKit/537.36 (KHTML, like Gecko; compatible; ClaudeBot/1.0; +claudebot@anthropic.com)"
216.73.216.53 - - [29/Jul/2026:18:23:30 +0530] "GET /wp-content/plugins/woocommerce/assets/css/woocommerce.css HTTP/2" 200 10470 "-" "Mozilla/5.0 AppleWebKit/537.36 (KHTML, like Gecko; compatible; ClaudeBot/1.0; +claudebot@anthropic.com)"
216.73.216.53 - - [29/Jul/2026:18:24:13 +0530] "GET /?product-page=5 HTTP/2" 200 37664 "-" "Mozilla/5.0 AppleWebKit/537.36 (KHTML, like Gecko; compatible; ClaudeBot/1.0; +claudebot@anthropic.com)"
216.73.216.53 - - [29/Jul/2026:18:24:13 +0530] "GET /?product-page=7 HTTP/2" 200 37950 "-" "Mozilla/5.0 AppleWebKit/537.36 (KHTML, like Gecko; compatible; ClaudeBot/1.0; +claudebot@anthropic.com)"
135.116.18.122 - - [29/Jul/2026:18:25:20 +0530] "POST /wp-login.php HTTP/1.1" 200 0 "-" "Mozilla/5.0 (Macintosh; Intel Mac OS X 10_15_7) AppleWebKit/605.1.15 Version/17.0 Safari/605.1.15"
91.134.113.121 - - [29/Jul/2026:18:30:18 +0530] "GET / HTTP/1.1" 301 0 "-" "Mozilla/5.0 (Windows NT 10.0; Win64; x64) AppleWebKit/537.36 (KHTML, like Gecko) Chrome/110.0.0.0 Safari/537.36"
91.134.113.121 - - [29/Jul/2026:18:30:19 +0530] "GET / HTTP/1.1" 200 12494 "-" "Mozilla/5.0 (Windows NT 10.0; Win64; x64) AppleWebKit/537.36 (KHTML, like Gecko) Chrome/110.0.0.0 Safari/537.36"
135.116.18.122 - - [29/Jul/2026:18:31:32 +0530] "POST /wp-login.php HTTP/1.1" 200 0 "-" "Mozilla/5.0 (Macintosh; Intel Mac OS X 10_15_7) AppleWebKit/605.1.15 Version/17.0 Safari/605.1.15"
216.73.216.53 - - [29/Jul/2026:18:32:12 +0530] "GET /page/2/?product-page=21 HTTP/2" 200 36286 "-" "Mozilla/5.0 AppleWebKit/537.36 (KHTML, like Gecko; compatible; ClaudeBot/1.0; +claudebot@anthropic.com)"
135.116.18.122 - - [29/Jul/2026:18:44:56 +0530] "POST /wp-login.php HTTP/1.1" 200 0 "-" "Mozilla/5.0 (Windows NT 10.0; Win64; rv:143.0) Gecko/20100101 Firefox/143.0"
135.116.18.122 - - [29/Jul/2026:18:51:18 +0530] "POST /wp-login.php HTTP/1.1" 200 0 "-" "Mozilla/5.0 (Windows NT 10.0; Win64; rv:143.0) Gecko/20100101 Firefox/143.0"
135.116.18.122 - - [29/Jul/2026:18:57:43 +0530] "POST /wp-login.php HTTP/1.1" 200 0 "-" "Mozilla/5.0 (Windows NT 10.0; Win64; x64) AppleWebKit/537.36 Chrome/129.0.0.0 Safari/537.36"
39.62.215.169 - - [29/Jul/2026:18:21:08 +0530] "GET /page/3/?product-page=21 HTTP/1.1" 200 40741 "-" "Mozilla/5.0 (Macintosh; Intel Mac OS X 10_15_6) AppleWebKit/537.36 (KHTML, like Gecko) Chrome/101.0.4951.54 Safari/537.36"
41.56.186.246 - - [29/Jul/2026:18:21:46 +0530] "GET /products/detail/448450078 HTTP/1.1" 404 27831 "-" "Mozilla/5.0 (Macintosh; Intel Mac OS X 10_15_6) AppleWebKit/537.36 (KHTML, like Gecko) Brave Chrome/83.0.4103.106 Safari/537.36"
216.73.216.53 - - [29/Jul/2026:18:23:05 +0530] "GET /wp-content/themes/hello-elementor/assets/css/theme.css HTTP/2" 200 1126 "-" "Mozilla/5.0 AppleWebKit/537.36 (KHTML, like Gecko; compatible; ClaudeBot/1.0; +claudebot@anthropic.com)"
216.73.216.53 - - [29/Jul/2026:18:23:05 +0530] "GET /wp-content/plugins/woocommerce/assets/css/woocommerce-layout.css HTTP/2" 200 3178 "-" "Mozilla/5.0 AppleWebKit/537.36 (KHTML, like Gecko; compatible; ClaudeBot/1.0; +claudebot@anthropic.com)"
216.73.216.53 - - [29/Jul/2026:18:24:41 +0530] "GET /?product-page=8 HTTP/2" 200 37990 "-" "Mozilla/5.0 AppleWebKit/537.36 (KHTML, like Gecko; compatible; ClaudeBot/1.0; +claudebot@anthropic.com)"
216.73.216.53 - - [29/Jul/2026:18:27:51 +0530] "GET /?product-page=14 HTTP/2" 200 36743 "-" "Mozilla/5.0 AppleWebKit/537.36 (KHTML, like Gecko; compatible; ClaudeBot/1.0; +claudebot@anthropic.com)"
216.73.216.53 - - [29/Jul/2026:18:28:00 +0530] "GET /?product-page=1 HTTP/2" 200 37236 "-" "Mozilla/5.0 AppleWebKit/537.36 (KHTML, like Gecko; compatible; ClaudeBot/1.0; +claudebot@anthropic.com)"
216.73.216.53 - - [29/Jul/2026:18:29:46 +0530] "GET /page/2/?product-page=4 HTTP/2" 200 37726 "-" "Mozilla/5.0 AppleWebKit/537.36 (KHTML, like Gecko; compatible; ClaudeBot/1.0; +claudebot@anthropic.com)"
216.73.216.53 - - [29/Jul/2026:18:29:52 +0530] "GET /page/2/?product-page=5 HTTP/2" 200 37560 "-" "Mozilla/5.0 AppleWebKit/537.36 (KHTML, like Gecko; compatible; ClaudeBot/1.0; +claudebot@anthropic.com)"
135.116.18.122 - - [29/Jul/2026:18:38:06 +0530] "POST /wp-login.php HTTP/1.1" 200 0 "-" "Mozilla/5.0 (Macintosh; Intel Mac OS X 10_15_7) AppleWebKit/605.1.15 Version/17.0 Safari/605.1.15"
103.214.217.2 - - [29/Jul/2026:18:11:58 +0530] "GET /page/3/?product-page=18 HTTP/1.1" 200 40780 "-" "Mozilla/5.0 (Windows NT 10.0; Win64; x64) AppleWebKit/537.36 (KHTML, like Gecko) Chrome/85.0.4183.48 Safari/537.36"
216.73.216.53 - - [29/Jul/2026:18:23:28 +0530] "GET /wp-content/plugins/woocommerce/assets/css/woocommerce-smallscreen.css HTTP/2" 200 1297 "-" "Mozilla/5.0 AppleWebKit/537.36 (KHTML, like Gecko; compatible; ClaudeBot/1.0; +claudebot@anthropic.com)"
216.73.216.53 - - [29/Jul/2026:18:23:28 +0530] "GET /wp-content/themes/hello-elementor/assets/css/reset.css HTTP/2" 200 1590 "-" "Mozilla/5.0 AppleWebKit/537.36 (KHTML, like Gecko; compatible; ClaudeBot/1.0; +claudebot@anthropic.com)"
216.73.216.53 - - [29/Jul/2026:18:23:51 +0530] "GET /wp-content/themes/hello-elementor/assets/js/hello-frontend.js HTTP/2" 200 493 "-" "Mozilla/5.0 AppleWebKit/537.36 (KHTML, like Gecko; compatible; ClaudeBot/1.0; +claudebot@anthropic.com)"
216.73.216.53 - - [29/Jul/2026:18:23:51 +0530] "GET /2/ HTTP/2" 404 24030 "-" "Mozilla/5.0 AppleWebKit/537.36 (KHTML, like Gecko; compatible; ClaudeBot/1.0; +claudebot@anthropic.com)"
216.73.216.53 - - [29/Jul/2026:18:25:09 +0530] "GET /?product-page=6 HTTP/2" 200 37766 "-" "Mozilla/5.0 AppleWebKit/537.36 (KHTML, like Gecko; compatible; ClaudeBot/1.0; +claudebot@anthropic.com)"
216.73.216.53 - - [29/Jul/2026:18:26:43 +0530] "GET /?product-page=19 HTTP/2" 200 36503 "-" "Mozilla/5.0 AppleWebKit/537.36 (KHTML, like Gecko; compatible; ClaudeBot/1.0; +claudebot@anthropic.com)"
185.146.115.97 - - [29/Jul/2026:18:29:19 +0530] "GET /products/detail/7142281482 HTTP/1.1" 404 27831 "-" "Mozilla/5.0 (Macintosh; Intel Mac OS X 10_15_7) AppleWebKit/537.36 (KHTML, like Gecko) Chrome/102.0.0.0 Safari/537.36"
216.73.216.53 - - [29/Jul/2026:18:31:15 +0530] "GET /page/2/?product-page=12 HTTP/2" 200 37271 "-" "Mozilla/5.0 AppleWebKit/537.36 (KHTML, like Gecko; compatible; ClaudeBot/1.0; +claudebot@anthropic.com)"
104.199.40.115 - - [29/Jul/2026:18:36:15 +0530] "GET / HTTP/1.1" 200 54151 "-" "Mozilla/5.0 (X11; Linux x86_64; rv:133.0) Gecko/20100101 Firefox/133.0"
135.116.18.122 - - [29/Jul/2026:18:38:06 +0530] "POST /wp-login.php HTTP/1.1" 200 0 "-" "Mozilla/5.0 (Macintosh; Intel Mac OS X 10_15_7) AppleWebKit/605.1.15 Version/17.0 Safari/605.1.15"
104.199.40.115 - - [29/Jul/2026:18:45:56 +0530] "GET / HTTP/1.1" 200 54151 "-" "Mozilla/5.0 (Windows NT 10.0; Win64; x64) AppleWebKit/537.36 (KHTML, like Gecko) Chrome/126.0.6478.127 Safari/537.36"
43.166.136.153 - - [29/Jul/2026:18:54:37 +0530] "GET /terms-and-conditions/ HTTP/1.1" 200 33287 "https://apextradingltd.co.za/?p=841" "Mozilla/5.0 (iPhone; CPU iPhone OS 13_2_3 like Mac OS X) AppleWebKit/605.1.15 (KHTML, like Gecko) Version/13.0.3 Mobile/15E148 Safari/604.1"
135.116.18.122 - - [29/Jul/2026:18:57:43 +0530] "POST /wp-login.php HTTP/1.1" 200 0 "-" "Mozilla/5.0 (Windows NT 10.0; Win64; rv:143.0) Gecko/20100101 Firefox/143.0"
216.73.216.53 - - [29/Jul/2026:18:28:25 +0530] "GET /page/2/?product-page=2 HTTP/2" 200 37353 "-" "Mozilla/5.0 AppleWebKit/537.36 (KHTML, like Gecko; compatible; ClaudeBot/1.0; +claudebot@anthropic.com)"
216.73.216.53 - - [29/Jul/2026:18:28:54 +0530] "GET /page/2/?product-page=3 HTTP/2" 200 37294 "-" "Mozilla/5.0 AppleWebKit/537.36 (KHTML, like Gecko; compatible; ClaudeBot/1.0; +claudebot@anthropic.com)"
216.73.216.53 - - [29/Jul/2026:18:30:09 +0530] "GET /page/2/?product-page=22 HTTP/2" 200 36345 "-" "Mozilla/5.0 AppleWebKit/537.36 (KHTML, like Gecko; compatible; ClaudeBot/1.0; +claudebot@anthropic.com)"
91.134.113.121 - - [29/Jul/2026:18:30:20 +0530] "GET / HTTP/1.1" 200 54151 "-" "Mozilla/5.0 (Windows NT 10.0; Win64; x64) AppleWebKit/537.36 (KHTML, like Gecko) Chrome/110.0.0.0 Safari/537.36"
43.159.149.56 - - [29/Jul/2026:18:33:38 +0530] "GET /shop HTTP/1.1" 301 0 "-" "Mozilla/5.0 (iPhone; CPU iPhone OS 13_2_3 like Mac OS X) AppleWebKit/605.1.15 (KHTML, like Gecko) Version/13.0.3 Mobile/15E148 Safari/604.1"
14.191.16.85 - - [29/Jul/2026:18:52:51 +0530] "GET /products/detail/2147109109 HTTP/1.1" 404 27830 "-" "Mozilla/5.0 (Windows NT 10.0) AppleWebKit/537.36 (KHTML, like Gecko) Chrome/75.0.3770.100 ADG/11.0.2510 AOLBUILD/11.0.2510 Safari/537.36"
43.166.136.153 - - [29/Jul/2026:18:54:34 +0530] "GET /?p=841 HTTP/1.1" 301 0 "-" "Mozilla/5.0 (iPhone; CPU iPhone OS 13_2_3 like Mac OS X) AppleWebKit/605.1.15 (KHTML, like Gecko) Version/13.0.3 Mobile/15E148 Safari/604.1"
43.134.236.36 - - [29/Jul/2026:19:00:00 +0530] "GET / HTTP/1.1" 200 64537 "http://apextradingltd.co.za" "Mozilla/5.0 (iPhone; CPU iPhone OS 13_2_3 like Mac OS X) AppleWebKit/605.1.15 (KHTML, like Gecko) Version/13.0.3 Mobile/15E148 Safari/604.1"
216.73.216.53 - - [29/Jul/2026:18:24:53 +0530] "GET /?product-page=9 HTTP/2" 200 37731 "-" "Mozilla/5.0 AppleWebKit/537.36 (KHTML, like Gecko; compatible; ClaudeBot/1.0; +claudebot@anthropic.com)"
216.73.216.53 - - [29/Jul/2026:18:25:42 +0530] "GET /?product-page=18 HTTP/2" 200 36515 "-" "Mozilla/5.0 AppleWebKit/537.36 (KHTML, like Gecko; compatible; ClaudeBot/1.0; +claudebot@anthropic.com)"
216.73.216.53 - - [29/Jul/2026:18:32:06 +0530] "GET /page/2/?product-page=11 HTTP/2" 200 37545 "-" "Mozilla/5.0 AppleWebKit/537.36 (KHTML, like Gecko; compatible; ClaudeBot/1.0; +claudebot@anthropic.com)"
113.182.239.170 - - [29/Jul/2026:18:36:05 +0530] "GET /wp-content/uploads/2024/08/Double-A4-Copy-Paper.jpeg HTTP/1.1" 200 88448 "-" "Mozilla/5.0 (Windows NT 10.0; Win64; x64) AppleWebKit/537.36 (KHTML, like Gecko) Chrome/77.0.3835.0 Safari/537.36"
150.228.105.215 - - [29/Jul/2026:18:37:12 +0530] "GET /wp-content/uploads/2024/08/WhatsApp-Image-2024-08-11-at-8.57.17-PM-2.jpeg HTTP/1.1" 200 84539 "-" "Mozilla/5.0 (Windows NT 6.2; WOW64) AppleWebKit/537.14 (KHTML, like Gecko) Chrome/24.0.1292.0 Safari/537.14"
135.116.18.122 - - [29/Jul/2026:18:51:18 +0530] "POST /wp-login.php HTTP/1.1" 200 0 "-" "Mozilla/5.0 (Windows NT 10.0; Win64; rv:143.0) Gecko/20100101 Firefox/143.0"
46.4.220.84 - - [29/Jul/2026:19:02:17 +0530] "GET /robots.txt HTTP/1.1" 200 136 "-" "Mozilla/5.0 (compatible; SERankingBacklinksBot/1.0; +https://seranking.com/backlinks-crawler)"
43.164.190.124 - - [29/Jul/2026:19:02:46 +0530] "GET /wp-json/ HTTP/1.1" 200 130814 "-" "Mozilla/5.0 (iPhone; CPU iPhone OS 13_2_3 like Mac OS X) AppleWebKit/605.1.15 (KHTML, like Gecko) Version/13.0.3 Mobile/15E148 Safari/604.1"
135.116.18.122 - - [29/Jul/2026:19:04:14 +0530] "POST /wp-login.php HTTP/1.1" 200 0 "-" "Mozilla/5.0 (Windows NT 10.0; Win64; rv:143.0) Gecko/20100101 Firefox/143.0"
43.164.196.244 - - [29/Jul/2026:18:13:33 +0530] "GET /xmlrpc.php?rsd HTTP/1.1" 200 315 "-" "Mozilla/5.0 (iPhone; CPU iPhone OS 13_2_3 like Mac OS X) AppleWebKit/605.1.15 (KHTML, like Gecko) Version/13.0.3 Mobile/15E148 Safari/604.1"
43.165.65.117 - - [29/Jul/2026:18:22:37 +0530] "GET /2024/05/03/the-role-of-natural-rapeseed-seeds-in-sustainable-agriculture/ HTTP/1.1" 200 30887 "-" "Mozilla/5.0 (iPhone; CPU iPhone OS 13_2_3 like Mac OS X) AppleWebKit/605.1.15 (KHTML, like Gecko) Version/13.0.3 Mobile/15E148 Safari/604.1"
216.73.216.53 - - [29/Jul/2026:18:26:34 +0530] "GET /robots.txt HTTP/2" 200 111 "-" "Mozilla/5.0 AppleWebKit/537.36 (KHTML, like Gecko; compatible; ClaudeBot/1.0; +claudebot@anthropic.com)"
216.73.216.53 - - [29/Jul/2026:18:26:37 +0530] "GET /?product-page=13 HTTP/2" 200 36641 "-" "Mozilla/5.0 AppleWebKit/537.36 (KHTML, like Gecko; compatible; ClaudeBot/1.0; +claudebot@anthropic.com)"
91.134.113.121 - - [29/Jul/2026:18:30:19 +0530] "GET / HTTP/1.1" 400 52 "-" "Mozilla/5.0 (Windows NT 10.0; Win64; x64) AppleWebKit/537.36 (KHTML, like Gecko) Chrome/110.0.0.0 Safari/537.36"
216.73.216.53 - - [29/Jul/2026:18:31:25 +0530] "GET /page/2/?product-page=10 HTTP/2" 200 37565 "-" "Mozilla/5.0 AppleWebKit/537.36 (KHTML, like Gecko; compatible; ClaudeBot/1.0; +claudebot@anthropic.com)"
216.73.216.53 - - [29/Jul/2026:18:31:30 +0530] "GET /page/2/?product-page=1 HTTP/2" 200 37077 "-" "Mozilla/5.0 AppleWebKit/537.36 (KHTML, like Gecko; compatible; ClaudeBot/1.0; +claudebot@anthropic.com)"
104.199.40.115 - - [29/Jul/2026:18:45:56 +0530] "GET / HTTP/1.1" 200 54151 "-" "Mozilla/5.0 (Macintosh; Intel Mac OS X 10_15_7) AppleWebKit/537.36 (KHTML, like Gecko) Chrome/131.0.6778.86 Safari/537.36"
135.116.18.122 - - [29/Jul/2026:19:04:14 +0530] "POST /wp-login.php HTTP/1.1" 200 0 "-" "Mozilla/5.0 (Windows NT 10.0; Win64; x64) AppleWebKit/537.36 Chrome/129.0.0.0 Safari/537.36"
41.90.140.146 - - [29/Jul/2026:18:25:51 +0530] "GET /products/detail/7111258260 HTTP/1.1" 404 27831 "-" "Mozilla/5.0 (Windows NT 5.1; WOW64) AppleWebKit/537.36 (KHTML, like Gecko) Chrome/75.0.3770.100 ADG/11.0.2566 AOLBUILD/11.0.2566 Safari/537.36"
135.116.18.122 - - [29/Jul/2026:18:25:20 +0530] "POST /wp-login.php HTTP/1.1" 200 0 "-" "Mozilla/5.0 (Macintosh; Intel Mac OS X 10_15_7) AppleWebKit/605.1.15 Version/17.0 Safari/605.1.15"
216.73.216.53 - - [29/Jul/2026:18:27:17 +0530] "GET /?product-page=20 HTTP/2" 200 36566 "-" "Mozilla/5.0 AppleWebKit/537.36 (KHTML, like Gecko; compatible; ClaudeBot/1.0; +claudebot@anthropic.com)"
216.73.216.53 - - [29/Jul/2026:18:30:30 +0530] "GET /page/2/?product-page=23 HTTP/2" 200 36447 "-" "Mozilla/5.0 AppleWebKit/537.36 (KHTML, like Gecko; compatible; ClaudeBot/1.0; +claudebot@anthropic.com)"
154.255.65.249 - - [29/Jul/2026:18:57:59 +0530] "GET /products/detail/8120863179 HTTP/1.1" 404 27831 "-" "Mozilla/5.0 (Windows NT 6.1; WOW64) AppleWebKit/537.36 (KHTML, like Gecko) Chrome/87.0.4280.88 Safari/537.36"
46.4.220.84 - - [29/Jul/2026:19:02:17 +0530] "GET /sitemap.xml HTTP/1.1" 301 0 "-" "Mozilla/5.0 (compatible; SERankingBacklinksBot/1.0; +https://seranking.com/backlinks-crawler)"
46.4.220.84 - - [29/Jul/2026:19:02:18 +0530] "GET /wp-sitemap.xml HTTP/1.1" 404 27851 "-" "Mozilla/5.0 (compatible; SERankingBacklinksBot/1.0; +https://seranking.com/backlinks-crawler)"
135.116.18.122 - - [29/Jul/2026:19:10:09 +0530] "POST /wp-login.php HTTP/1.1" 200 0 "-" "Mozilla/5.0 (Macintosh; Intel Mac OS X 10_15_7) AppleWebKit/605.1.15 Version/17.0 Safari/605.1.15"
43.159.145.153 - - [29/Jul/2026:19:14:40 +0530] "GET /2024/05/03/the-role-of-natural-rapeseed-seeds-in-sustainable-agriculture/ HTTP/1.1" 200 30887 "-" "Mozilla/5.0 (iPhone; CPU iPhone OS 13_2_3 like Mac OS X) AppleWebKit/605.1.15 (KHTML, like Gecko) Version/13.0.3 Mobile/15E148 Safari/604.1"
135.116.18.122 - - [29/Jul/2026:19:16:12 +0530] "POST /wp-login.php HTTP/1.1" 200 0 "-" "Mozilla/5.0 (Macintosh; Intel Mac OS X 10_15_7) AppleWebKit/605.1.15 Version/17.0 Safari/605.1.15"
216.73.216.53 - - [29/Jul/2026:19:16:58 +0530] "GET / HTTP/2" 200 54151 "http://apextradingltd.co.za/" "Mozilla/5.0 AppleWebKit/537.36 (KHTML, like Gecko; compatible; ClaudeBot/1.0; +claudebot@anthropic.com)"
89.124.104.192 - - [29/Jul/2026:19:20:15 +0530] "GET /wp-content/plugins/blocksy-companion/readme.txt HTTP/1.1" 404 27830 "-" "Mozilla/5.0 (Windows NT 10.0; Win64; x64; rv:123.0) Gecko/20100101 Firefox/123"
135.116.18.122 - - [29/Jul/2026:19:27:11 +0530] "POST /wp-login.php HTTP/1.1" 200 0 "-" "Mozilla/5.0 (Windows NT 10.0; Win64; rv:143.0) Gecko/20100101 Firefox/143.0"
135.116.18.122 - - [29/Jul/2026:19:38:40 +0530] "POST /wp-login.php HTTP/1.1" 200 0 "-" "Mozilla/5.0 (Macintosh; Intel Mac OS X 10_15_7) AppleWebKit/605.1.15 Version/17.0 Safari/605.1.15"
216.73.216.53 - - [29/Jul/2026:19:39:42 +0530] "GET /page/2/?product-page=14 HTTP/2" 200 36540 "-" "Mozilla/5.0 AppleWebKit/537.36 (KHTML, like Gecko; compatible; ClaudeBot/1.0; +claudebot@anthropic.com)"
43.134.94.96 - - [29/Jul/2026:19:42:58 +0530] "GET /product/fresh-avocado/ HTTP/1.1" 200 41210 "-" "Mozilla/5.0 (iPhone; CPU iPhone OS 13_2_3 like Mac OS X) AppleWebKit/605.1.15 (KHTML, like Gecko) Version/13.0.3 Mobile/15E148 Safari/604.1"
103.148.163.127 - - [29/Jul/2026:19:45:09 +0530] "GET /products/detail/7109137755 HTTP/1.1" 404 27829 "-" "Mozilla/5.0 (Macintosh; Intel Mac OS X 10_14_4) AppleWebKit/537.36 (KHTML, like Gecko) Chrome/101.0.4951.54 Safari/537.36"
135.116.18.122 - - [29/Jul/2026:19:59:50 +0530] "POST /wp-login.php HTTP/1.1" 200 0 "-" "Mozilla/5.0 (Windows NT 10.0; Win64; rv:143.0) Gecko/20100101 Firefox/143.0"
49.51.72.236 - - [29/Jul/2026:19:33:40 +0530] "GET /product/100-natural-dry-dehydrated-garlic-flakes/ HTTP/1.1" 200 41999 "-" "Mozilla/5.0 (iPhone; CPU iPhone OS 13_2_3 like Mac OS X) AppleWebKit/605.1.15 (KHTML, like Gecko) Version/13.0.3 Mobile/15E148 Safari/604.1"
216.73.216.53 - - [29/Jul/2026:19:34:28 +0530] "GET /robots.txt HTTP/2" 200 111 "-" "Mozilla/5.0 AppleWebKit/537.36 (KHTML, like Gecko; compatible; ClaudeBot/1.0; +claudebot@anthropic.com)"
216.73.216.53 - - [29/Jul/2026:19:34:28 +0530] "GET /page/2/?product-page=11 HTTP/2" 200 37545 "-" "Mozilla/5.0 AppleWebKit/537.36 (KHTML, like Gecko; compatible; ClaudeBot/1.0; +claudebot@anthropic.com)"
216.73.216.53 - - [29/Jul/2026:19:38:43 +0530] "GET /page/2/?product-page=20 HTTP/2" 200 36370 "-" "Mozilla/5.0 AppleWebKit/537.36 (KHTML, like Gecko; compatible; ClaudeBot/1.0; +claudebot@anthropic.com)"
216.73.216.53 - - [29/Jul/2026:19:38:43 +0530] "GET /page/2/?product-page=18 HTTP/2" 200 36315 "-" "Mozilla/5.0 AppleWebKit/537.36 (KHTML, like Gecko; compatible; ClaudeBot/1.0; +claudebot@anthropic.com)"
216.73.216.53 - - [29/Jul/2026:19:38:47 +0530] "GET /page/2/?product-page=7 HTTP/2" 200 37764 "-" "Mozilla/5.0 AppleWebKit/537.36 (KHTML, like Gecko; compatible; ClaudeBot/1.0; +claudebot@anthropic.com)"
216.73.216.53 - - [29/Jul/2026:19:42:19 +0530] "GET /page/2/?product-page=8 HTTP/2" 200 37852 "-" "Mozilla/5.0 AppleWebKit/537.36 (KHTML, like Gecko; compatible; ClaudeBot/1.0; +claudebot@anthropic.com)"
216.73.216.53 - - [29/Jul/2026:19:43:46 +0530] "GET /?product-page=9 HTTP/2" 200 37731 "-" "Mozilla/5.0 AppleWebKit/537.36 (KHTML, like Gecko; compatible; ClaudeBot/1.0; +claudebot@anthropic.com)"
216.73.216.53 - - [29/Jul/2026:19:44:01 +0530] "GET /?product-page=17 HTTP/2" 200 36605 "-" "Mozilla/5.0 AppleWebKit/537.36 (KHTML, like Gecko; compatible; ClaudeBot/1.0; +claudebot@anthropic.com)"
43.159.138.217 - - [29/Jul/2026:19:44:39 +0530] "GET / HTTP/1.1" 200 64537 "http://www.apextradingltd.co.za" "Mozilla/5.0 (iPhone; CPU iPhone OS 13_2_3 like Mac OS X) AppleWebKit/605.1.15 (KHTML, like Gecko) Version/13.0.3 Mobile/15E148 Safari/604.1"
135.116.18.122 - - [29/Jul/2026:19:44:25 +0530] "POST /wp-login.php HTTP/1.1" 200 0 "-" "Mozilla/5.0 (Macintosh; Intel Mac OS X 10_15_7) AppleWebKit/605.1.15 Version/17.0 Safari/605.1.15"
135.116.18.122 - - [29/Jul/2026:19:54:33 +0530] "POST /wp-login.php HTTP/1.1" 200 0 "-" "Mozilla/5.0 (Windows NT 10.0; Win64; rv:143.0) Gecko/20100101 Firefox/143.0"
190.112.99.218 - - [29/Jul/2026:19:11:49 +0530] "GET /products/detail/2114545412 HTTP/1.1" 404 27829 "-" "Mozilla/5.0 (Windows NT 6.1) AppleWebKit/537.36 (KHTML, like Gecko) Chrome/87.0.4280.88 Safari/537.36"
135.116.18.122 - - [29/Jul/2026:19:33:04 +0530] "POST /wp-login.php HTTP/1.1" 200 0 "-" "Mozilla/5.0 (Macintosh; Intel Mac OS X 10_15_7) AppleWebKit/605.1.15 Version/17.0 Safari/605.1.15"
216.73.216.53 - - [29/Jul/2026:19:38:55 +0530] "GET /page/2/?product-page=9 HTTP/2" 200 37550 "-" "Mozilla/5.0 AppleWebKit/537.36 (KHTML, like Gecko; compatible; ClaudeBot/1.0; +claudebot@anthropic.com)"
192.71.126.53 - - [29/Jul/2026:19:40:09 +0530] "GET /2024/05/03/the-role-of-natural-rapeseed-seeds-in-sustainable-agriculture/ HTTP/1.1" 200 30887 "-" "Mozilla/5.0 (Windows NT 6.3; Win64; x64; rv:109.0) Gecko/20100101 Firefox/115"
216.73.216.53 - - [29/Jul/2026:19:43:15 +0530] "GET /page/2/?product-page=19 HTTP/2" 200 36344 "-" "Mozilla/5.0 AppleWebKit/537.36 (KHTML, like Gecko; compatible; ClaudeBot/1.0; +claudebot@anthropic.com)"
43.228.157.178 - - [29/Jul/2026:19:49:33 +0530] "GET /up.php HTTP/1.1" 404 27820 "-" "Mozilla/5.0"
135.116.18.122 - - [29/Jul/2026:19:49:03 +0530] "POST /wp-login.php HTTP/1.1" 200 0 "-" "Mozilla/5.0 (Macintosh; Intel Mac OS X 10_15_7) AppleWebKit/605.1.15 Version/17.0 Safari/605.1.15"
135.116.18.122 - - [29/Jul/2026:19:54:33 +0530] "POST /wp-login.php HTTP/1.1" 200 0 "-" "Mozilla/5.0 (Macintosh; Intel Mac OS X 10_15_7) AppleWebKit/605.1.15 Version/17.0 Safari/605.1.15"
216.73.216.53 - - [29/Jul/2026:20:10:20 +0530] "GET / HTTP/2" 200 54151 "http://apextradingltd.co.za/" "Mozilla/5.0 AppleWebKit/537.36 (KHTML, like Gecko; compatible; ClaudeBot/1.0; +claudebot@anthropic.com)"
135.116.18.122 - - [29/Jul/2026:19:27:11 +0530] "POST /wp-login.php HTTP/1.1" 200 0 "-" "Mozilla/5.0 (Macintosh; Intel Mac OS X 10_15_7) AppleWebKit/605.1.15 Version/17.0 Safari/605.1.15"
216.73.216.53 - - [29/Jul/2026:19:34:49 +0530] "GET /page/2/?product-page=23 HTTP/2" 200 36447 "-" "Mozilla/5.0 AppleWebKit/537.36 (KHTML, like Gecko; compatible; ClaudeBot/1.0; +claudebot@anthropic.com)"
216.73.216.53 - - [29/Jul/2026:19:34:55 +0530] "GET /page/2/?product-page=21 HTTP/2" 200 36286 "-" "Mozilla/5.0 AppleWebKit/537.36 (KHTML, like Gecko; compatible; ClaudeBot/1.0; +claudebot@anthropic.com)"
216.73.216.53 - - [29/Jul/2026:19:37:44 +0530] "GET /?product-page=1 HTTP/2" 200 37236 "-" "Mozilla/5.0 AppleWebKit/537.36 (KHTML, like Gecko; compatible; ClaudeBot/1.0; +claudebot@anthropic.com)"
192.71.2.56 - - [29/Jul/2026:19:40:02 +0530] "GET /product/top-quality-industrial-oxygen-gas-cylinder-iso9809-standard-empty-oxygen-gas-cylineder/ HTTP/1.1" 200 41362 "-" "Mozilla/5.0 (Windows NT 6.3; Win64; x64; rv:109.0) Gecko/20100101 Firefox/115"
192.71.12.181 - - [29/Jul/2026:19:40:05 +0530] "GET /2023/11/25/why-100-natural-hardwood-acacia-charcoal-is-the-best-for-grilling/ HTTP/1.1" 200 30916 "-" "Mozilla/5.0 (Windows NT 6.3; Win64; x64; rv:109.0) Gecko/20100101 Firefox/115"
216.73.216.53 - - [29/Jul/2026:19:41:41 +0530] "GET /page/2/?product-page=6 HTTP/2" 200 37523 "-" "Mozilla/5.0 AppleWebKit/537.36 (KHTML, like Gecko; compatible; ClaudeBot/1.0; +claudebot@anthropic.com)"
135.116.18.122 - - [29/Jul/2026:19:44:25 +0530] "POST /wp-login.php HTTP/1.1" 200 0 "-" "Mozilla/5.0 (Windows NT 10.0; Win64; rv:143.0) Gecko/20100101 Firefox/143.0"
43.228.157.178 - - [29/Jul/2026:19:49:37 +0530] "GET /wp-admin/up.php HTTP/1.1" 404 27821 "-" "Mozilla/5.0"
43.228.157.178 - - [29/Jul/2026:19:49:55 +0530] "GET /fix.php HTTP/1.1" 404 27820 "-" "Mozilla/5.0"
135.116.18.122 - - [29/Jul/2026:20:11:02 +0530] "POST /wp-login.php HTTP/1.1" 200 0 "-" "Mozilla/5.0 (Macintosh; Intel Mac OS X 10_15_7) AppleWebKit/605.1.15 Version/17.0 Safari/605.1.15"
66.132.172.212 - - [29/Jul/2026:19:12:57 +0530] "GET / HTTP/1.1" 301 0 "-" "Mozilla/5.0 (compatible; CensysInspect/1.1; +https://about.censys.io/)"
216.73.216.53 - - [29/Jul/2026:19:37:05 +0530] "GET /?product-page=20 HTTP/2" 200 36566 "-" "Mozilla/5.0 AppleWebKit/537.36 (KHTML, like Gecko; compatible; ClaudeBot/1.0; +claudebot@anthropic.com)"
135.116.18.122 - - [29/Jul/2026:19:38:40 +0530] "POST /wp-login.php HTTP/1.1" 200 0 "-" "Mozilla/5.0 (Windows NT 10.0; Win64; rv:143.0) Gecko/20100101 Firefox/143.0"
135.116.18.122 - - [29/Jul/2026:19:59:50 +0530] "POST /wp-login.php HTTP/1.1" 200 0 "-" "Mozilla/5.0 (Windows NT 10.0; Win64; x64) AppleWebKit/537.36 Chrome/129.0.0.0 Safari/537.36"
135.116.18.122 - - [29/Jul/2026:20:05:39 +0530] "POST /wp-login.php HTTP/1.1" 200 0 "-" "Mozilla/5.0 (Windows NT 10.0; Win64; x64) AppleWebKit/537.36 Chrome/129.0.0.0 Safari/537.36"
135.116.18.122 - - [29/Jul/2026:20:05:39 +0530] "POST /wp-login.php HTTP/1.1" 200 0 "-" "Mozilla/5.0 (Windows NT 10.0; Win64; x64) AppleWebKit/537.36 Chrome/129.0.0.0 Safari/537.36"
101.33.80.42 - - [29/Jul/2026:20:13:33 +0530] "GET /wp-json/elementskit/v1/ HTTP/1.1" 404 119 "-" "Mozilla/5.0 (iPhone; CPU iPhone OS 13_2_3 like Mac OS X) AppleWebKit/605.1.15 (KHTML, like Gecko) Version/13.0.3 Mobile/15E148 Safari/604.1"
135.116.18.122 - - [29/Jul/2026:19:21:37 +0530] "POST /wp-login.php HTTP/1.1" 200 0 "-" "Mozilla/5.0 (Macintosh; Intel Mac OS X 10_15_7) AppleWebKit/605.1.15 Version/17.0 Safari/605.1.15"
135.116.18.122 - - [29/Jul/2026:19:21:37 +0530] "POST /wp-login.php HTTP/1.1" 200 0 "-" "Mozilla/5.0 (Windows NT 10.0; Win64; rv:143.0) Gecko/20100101 Firefox/143.0"
43.153.35.128 - - [29/Jul/2026:19:23:37 +0530] "GET /2024/05/03/the-role-of-natural-rapeseed-seeds-in-sustainable-agriculture/ HTTP/1.1" 200 30887 "-" "Mozilla/5.0 (iPhone; CPU iPhone OS 13_2_3 like Mac OS X) AppleWebKit/605.1.15 (KHTML, like Gecko) Version/13.0.3 Mobile/15E148 Safari/604.1"
135.116.18.122 - - [29/Jul/2026:19:49:03 +0530] "POST /wp-login.php HTTP/1.1" 200 0 "-" "Mozilla/5.0 (Windows NT 10.0; Win64; x64) AppleWebKit/537.36 Chrome/129.0.0.0 Safari/537.36"
43.228.157.178 - - [29/Jul/2026:19:49:42 +0530] "GET /wp-content/up.php HTTP/1.1" 404 27820 "-" "Mozilla/5.0"
216.24.212.241 - - [29/Jul/2026:20:06:24 +0530] "GET / HTTP/1.1" 200 64537 "-" "Mozilla/5.0 (Windows NT 10.0; Win64; x64) AppleWebKit/537.36 (KHTML, like Gecko) Chrome/125.0.0.0 Safari/537.36"
135.116.18.122 - - [29/Jul/2026:20:11:02 +0530] "POST /wp-login.php HTTP/1.1" 200 0 "-" "Mozilla/5.0 (Macintosh; Intel Mac OS X 10_15_7) AppleWebKit/605.1.15 Version/17.0 Safari/605.1.15"
135.116.18.122 - - [29/Jul/2026:19:16:12 +0530] "POST /wp-login.php HTTP/1.1" 200 0 "-" "Mozilla/5.0 (Windows NT 10.0; Win64; x64) AppleWebKit/537.36 Chrome/129.0.0.0 Safari/537.36"
135.116.18.122 - - [29/Jul/2026:19:33:04 +0530] "POST /wp-login.php HTTP/1.1" 200 0 "-" "Mozilla/5.0 (Windows NT 10.0; Win64; x64) AppleWebKit/537.36 Chrome/129.0.0.0 Safari/537.36"
216.73.216.53 - - [29/Jul/2026:19:40:04 +0530] "GET /page/2/?product-page=13 HTTP/2" 200 36371 "-" "Mozilla/5.0 AppleWebKit/537.36 (KHTML, like Gecko; compatible; ClaudeBot/1.0; +claudebot@anthropic.com)"
216.73.216.53 - - [29/Jul/2026:19:42:52 +0530] "GET /?product-page=16 HTTP/2" 200 36630 "-" "Mozilla/5.0 AppleWebKit/537.36 (KHTML, like Gecko; compatible; ClaudeBot/1.0; +claudebot@anthropic.com)"
43.135.145.117 - - [29/Jul/2026:19:53:32 +0530] "GET /privacy-and-policy/ HTTP/1.1" 200 31888 "-" "Mozilla/5.0 (iPhone; CPU iPhone OS 13_2_3 like Mac OS X) AppleWebKit/605.1.15 (KHTML, like Gecko) Version/13.0.3 Mobile/15E148 Safari/604.1"
135.116.18.122 - - [29/Jul/2026:20:16:43 +0530] "POST /wp-login.php HTTP/1.1" 200 0 "-" "Mozilla/5.0 (Windows NT 10.0; Win64; rv:143.0) Gecko/20100101 Firefox/143.0"
135.116.18.122 - - [29/Jul/2026:20:16:43 +0530] "POST /wp-login.php HTTP/1.1" 200 0 "-" "Mozilla/5.0 (Windows NT 10.0; Win64; rv:143.0) Gecko/20100101 Firefox/143.0"
202.86.218.230 - - [29/Jul/2026:20:16:09 +0530] "GET /products/detail/875821664 HTTP/1.1" 404 27829 "-" "Mozilla/5.0 (Windows NT 6.1; Win64; x64) AppleWebKit/537.36 (KHTML, like Gecko) Chrome/68.0.3440.75 Safari/537.36"
